CRAN Package Check Results for Package lineartestr

Last updated on 2023-10-04 20:42:31 CEST.

Flavor Version Tinstall Tcheck Ttotal Status Flags
r-devel-linux-x86_64-debian-clang 1.0.0 2.61 37.44 40.05 NOTE
r-devel-linux-x86_64-debian-gcc 1.0.0 2.15 29.10 31.25 NOTE
r-devel-linux-x86_64-fedora-clang 1.0.0 50.15 NOTE
r-devel-linux-x86_64-fedora-gcc 1.0.0 48.54 NOTE
r-devel-windows-x86_64 1.0.0 4.00 115.00 119.00 NOTE
r-patched-linux-x86_64 1.0.0 2.10 36.79 38.89 NOTE
r-release-linux-x86_64 1.0.0 1.76 37.22 38.98 NOTE
r-release-macos-arm64 1.0.0 20.00 NOTE
r-release-macos-x86_64 1.0.0 28.00 NOTE
r-release-windows-x86_64 1.0.0 5.00 59.00 64.00 NOTE
r-oldrel-macos-arm64 1.0.0 16.00 NOTE
r-oldrel-macos-x86_64 1.0.0 35.00 NOTE
r-oldrel-windows-x86_64 1.0.0 8.00 61.00 69.00 NOTE

Check Details

Version: 1.0.0
Check: LazyData
Result: NOTE
     'LazyData' is specified without a 'data' directory
Flavors: r-devel-linux-x86_64-debian-clang, r-devel-linux-x86_64-debian-gcc, r-devel-linux-x86_64-fedora-clang, r-devel-linux-x86_64-fedora-gcc, r-devel-windows-x86_64, r-patched-linux-x86_64, r-release-linux-x86_64, r-release-macos-arm64, r-release-macos-x86_64, r-release-windows-x86_64, r-oldrel-macos-arm64, r-oldrel-macos-x86_64, r-oldrel-windows-x86_64