Last updated on 2024-04-19 11:56:50 CEST.
Flavor | Version | Tinstall | Tcheck | Ttotal | Status | Flags |
---|---|---|---|---|---|---|
r-devel-linux-x86_64-debian-clang | 0.1 | 37.24 | 29.44 | 66.68 | NOTE | |
r-devel-linux-x86_64-debian-gcc | 0.1 | NOTE | ||||
r-devel-linux-x86_64-fedora-clang | 0.1 | 94.75 | NOTE | |||
r-devel-linux-x86_64-fedora-gcc | 0.1 | 93.30 | NOTE | |||
r-prerel-macos-arm64 | 0.1 | 26.00 | NOTE | |||
r-prerel-windows-x86_64 | 0.1 | 29.00 | 64.00 | 93.00 | NOTE | |
r-patched-linux-x86_64 | 0.1 | 36.41 | 28.15 | 64.56 | NOTE | |
r-release-linux-x86_64 | 0.1 | 44.62 | 27.14 | 71.76 | NOTE | |
r-release-macos-arm64 | 0.1 | 29.00 | NOTE | |||
r-release-macos-x86_64 | 0.1 | 43.00 | NOTE | |||
r-release-windows-x86_64 | 0.1 | 33.00 | 70.00 | 103.00 | NOTE | |
r-oldrel-macos-arm64 | 0.1 | 27.00 | OK | |||
r-oldrel-windows-x86_64 | 0.1 | 38.00 | 70.00 | 108.00 | OK |
Version: 0.1
Check: C++ specification
Result: NOTE
Specified C++11: please drop specification unless essential
Flavors: r-devel-linux-x86_64-debian-clang, r-devel-linux-x86_64-debian-gcc, r-devel-linux-x86_64-fedora-clang, r-devel-linux-x86_64-fedora-gcc, r-prerel-macos-arm64, r-prerel-windows-x86_64, r-patched-linux-x86_64, r-release-linux-x86_64, r-release-macos-arm64, r-release-macos-x86_64, r-release-windows-x86_64