CRAN Package Check Results for Package liminal

Last updated on 2021-10-24 06:51:54 CEST.

Flavor Version Tinstall Tcheck Ttotal Status Flags
r-devel-linux-x86_64-debian-clang 0.1.2 6.48 83.17 89.65 OK
r-devel-linux-x86_64-debian-gcc 0.1.2 5.00 63.55 68.55 OK
r-devel-linux-x86_64-fedora-clang 0.1.2 115.52 NOTE
r-devel-linux-x86_64-fedora-gcc 0.1.2 107.83 OK
r-devel-windows-x86_64 0.1.2 10.00 125.00 135.00 OK
r-devel-windows-x86_64-gcc10-UCRT 0.1.2 OK
r-patched-linux-x86_64 0.1.2 11.27 86.73 98.00 OK
r-patched-solaris-x86 0.1.2 95.80 OK
r-release-linux-x86_64 0.1.2 5.68 86.77 92.45 OK
r-release-macos-arm64 0.1.2 OK
r-release-macos-x86_64 0.1.2 OK
r-release-windows-ix86+x86_64 0.1.2 9.00 119.00 128.00 OK
r-oldrel-macos-x86_64 0.1.2 OK
r-oldrel-windows-ix86+x86_64 0.1.2 13.00 131.00 144.00 OK

Check Details

Version: 0.1.2
Check: Rd cross-references
Result: NOTE
    Undeclared package ‘tidyselect’ in Rd xrefs
Flavor: r-devel-linux-x86_64-fedora-clang