Last updated on 2024-04-23 21:54:49 CEST.
Flavor | Version | Tinstall | Tcheck | Ttotal | Status | Flags |
---|---|---|---|---|---|---|
r-devel-linux-x86_64-debian-clang | 0.1.2 | 5.78 | 92.04 | 97.82 | OK | |
r-devel-linux-x86_64-debian-gcc | 0.1.2 | 5.16 | 70.99 | 76.15 | OK | |
r-devel-linux-x86_64-fedora-clang | 0.1.2 | 125.41 | NOTE | |||
r-devel-linux-x86_64-fedora-gcc | 0.1.2 | 136.25 | OK | |||
r-prerel-macos-arm64 | 0.1.2 | 51.00 | OK | |||
r-prerel-windows-x86_64 | 0.1.2 | 8.00 | 98.00 | 106.00 | OK | |
r-patched-linux-x86_64 | 0.1.2 | 11.04 | 94.25 | 105.29 | OK | |
r-release-linux-x86_64 | 0.1.2 | 6.29 | 95.16 | 101.45 | OK | |
r-release-macos-arm64 | 0.1.2 | 57.00 | OK | |||
r-release-macos-x86_64 | 0.1.2 | 78.00 | OK | |||
r-release-windows-x86_64 | 0.1.2 | 10.00 | 109.00 | 119.00 | OK | |
r-oldrel-macos-arm64 | 0.1.2 | 43.00 | OK | |||
r-oldrel-windows-x86_64 | 0.1.2 | 11.00 | 116.00 | 127.00 | OK |
Version: 0.1.2
Check: Rd cross-references
Result: NOTE
Undeclared package ‘tidyselect’ in Rd xrefs
Flavor: r-devel-linux-x86_64-fedora-clang