Last updated on 2022-06-25 05:51:19 CEST.
Flavor | Version | Tinstall | Tcheck | Ttotal | Status | Flags |
---|---|---|---|---|---|---|
r-devel-linux-x86_64-debian-clang | 1.3.5 | 8.39 | 80.75 | 89.14 | OK | |
r-devel-linux-x86_64-debian-gcc | 1.3.5 | 6.81 | 60.71 | 67.52 | OK | |
r-devel-linux-x86_64-fedora-clang | 1.3.5 | 117.53 | NOTE | |||
r-devel-linux-x86_64-fedora-gcc | 1.3.5 | 115.17 | NOTE | |||
r-devel-windows-x86_64 | 1.3.5 | 28.00 | 107.00 | 135.00 | OK | |
r-patched-linux-x86_64 | 1.3.5 | 12.42 | 76.25 | 88.67 | OK | |
r-release-linux-x86_64 | 1.3.5 | 9.23 | 76.70 | 85.93 | OK | |
r-release-macos-arm64 | 1.3.5 | 36.00 | NOTE | |||
r-release-macos-x86_64 | 1.3.5 | 67.00 | NOTE | |||
r-release-windows-x86_64 | 1.3.5 | 28.00 | 115.00 | 143.00 | OK | |
r-oldrel-macos-arm64 | 1.3.5 | 47.00 | NOTE | |||
r-oldrel-macos-x86_64 | 1.3.5 | 66.00 | NOTE | |||
r-oldrel-windows-ix86+x86_64 | 1.3.5 | 20.00 | 97.00 | 117.00 | OK |
Version: 1.3.5
Check: data for non-ASCII characters
Result: NOTE
Note: found 7 marked UTF-8 strings
Flavors: r-devel-linux-x86_64-fedora-clang, r-devel-linux-x86_64-fedora-gcc, r-release-macos-arm64, r-release-macos-x86_64, r-oldrel-macos-arm64, r-oldrel-macos-x86_64