CRAN Package Check Results for Package likeLTD

Last updated on 2021-04-21 21:50:01 CEST.

Flavor Version Tinstall Tcheck Ttotal Status Flags
r-devel-linux-x86_64-debian-clang 6.3.0 28.48 127.96 156.44 OK
r-devel-linux-x86_64-debian-gcc 6.3.0 20.41 92.03 112.44 OK
r-devel-linux-x86_64-fedora-clang 6.3.0 213.22 OK
r-devel-linux-x86_64-fedora-gcc 6.3.0 194.78 OK
r-devel-windows-ix86+x86_64 6.3.0 48.00 133.00 181.00 OK
r-devel-windows-x86_64-gcc10-UCRT 6.3.0 OK
r-patched-linux-x86_64 6.3.0 26.16 115.80 141.96 OK
r-patched-solaris-x86 6.3.0 242.40 OK
r-release-linux-x86_64 6.3.0 25.98 115.05 141.03 OK
r-release-macos-x86_64 6.3.0 OK
r-release-windows-ix86+x86_64 6.3.0 49.00 140.00 189.00 OK
r-oldrel-macos-x86_64 6.3.0 FAIL
r-oldrel-windows-ix86+x86_64 6.3.0 53.00 159.00 212.00 OK

Check Details

Version: 6.3.0
Check: whether package can be installed
Result: FAIL
Flavor: r-oldrel-macos-x86_64