Last updated on 2024-03-28 12:50:37 CET.
Flavor | Version | Tinstall | Tcheck | Ttotal | Status | Flags |
---|---|---|---|---|---|---|
r-devel-linux-x86_64-debian-clang | 4.1.1 | 157.68 | 534.45 | 692.13 | OK | |
r-devel-linux-x86_64-debian-gcc | 4.1.1 | 137.61 | 377.91 | 515.52 | OK | |
r-devel-linux-x86_64-fedora-clang | 4.1.1 | 965.03 | OK | |||
r-devel-linux-x86_64-fedora-gcc | 4.1.1 | 987.36 | OK | |||
r-devel-windows-x86_64 | 4.1.1 | 130.00 | 383.00 | 513.00 | NOTE | |
r-patched-linux-x86_64 | 4.1.1 | 169.70 | 515.18 | 684.88 | OK | |
r-release-linux-x86_64 | 4.1.1 | 149.83 | 525.88 | 675.71 | OK | |
r-release-macos-arm64 | 4.1.1 | 214.00 | NOTE | |||
r-release-macos-x86_64 | 4.1.1 | 464.00 | NOTE | |||
r-release-windows-x86_64 | 4.1.1 | 166.00 | 507.00 | 673.00 | NOTE | |
r-oldrel-macos-arm64 | 4.1.1 | 208.00 | NOTE | |||
r-oldrel-windows-x86_64 | 4.1.1 | 156.00 | 498.00 | 654.00 | NOTE |
Version: 4.1.1
Check: installed package size
Result: NOTE
installed size is 5.4Mb
sub-directories of 1Mb or more:
R 1.0Mb
doc 1.0Mb
extdata 1.1Mb
libs 1.7Mb
Flavors: r-devel-windows-x86_64, r-release-macos-arm64, r-release-macos-x86_64, r-release-windows-x86_64, r-oldrel-macos-arm64, r-oldrel-windows-x86_64