CRAN Package Check Results for Package liayson

Last updated on 2023-09-27 12:02:52 CEST.

Flavor Version Tinstall Tcheck Ttotal Status Flags
r-devel-linux-x86_64-debian-clang 1.0.5 37.18 359.11 396.29 OK
r-devel-linux-x86_64-debian-gcc 1.0.5 28.29 255.93 284.22 OK
r-devel-linux-x86_64-fedora-clang 1.0.5 480.27 OK
r-devel-linux-x86_64-fedora-gcc 1.0.5 505.06 OK
r-devel-windows-x86_64 1.0.5 32.00 258.00 290.00 OK
r-patched-linux-x86_64 1.0.5 36.62 328.45 365.07 OK
r-release-linux-x86_64 1.0.5 24.63 333.28 357.91 OK
r-release-macos-arm64 1.0.5 171.00 OK
r-release-macos-x86_64 1.0.5 269.00 NOTE
r-release-windows-x86_64 1.0.5 41.00 325.00 366.00 OK
r-oldrel-macos-arm64 1.0.5 171.00 OK
r-oldrel-macos-x86_64 1.0.5 222.00 OK
r-oldrel-windows-x86_64 1.0.5 41.00 315.00 356.00 OK

Check Details

Version: 1.0.5
Check: package dependencies
Result: NOTE
    Package suggested but not available for checking: ‘fpc’
Flavor: r-release-macos-x86_64