CRAN Package Check Results for Package liayson

Last updated on 2020-02-17 12:47:47 CET.

Flavor Version Tinstall Tcheck Ttotal Status Flags
r-devel-linux-x86_64-debian-clang 1.0.2 25.00 255.24 280.24 OK
r-devel-linux-x86_64-debian-gcc 1.0.2 23.11 187.52 210.63 OK
r-devel-linux-x86_64-fedora-clang 1.0.2 326.48 WARN
r-devel-linux-x86_64-fedora-gcc 1.0.2 322.13 OK
r-devel-windows-ix86+x86_64 1.0.2 45.00 249.00 294.00 OK
r-devel-windows-ix86+x86_64-gcc8 1.0.2 75.00 323.00 398.00 OK
r-patched-linux-x86_64 1.0.2 21.90 214.47 236.37 OK
r-patched-solaris-x86 1.0.2 436.30 OK
r-release-linux-x86_64 1.0.2 23.30 214.58 237.88 OK
r-release-windows-ix86+x86_64 1.0.2 44.00 229.00 273.00 OK
r-release-osx-x86_64 1.0.2 OK
r-oldrel-windows-ix86+x86_64 1.0.2 24.00 288.00 312.00 OK
r-oldrel-osx-x86_64 1.0.2 OK

Check Details

Version: 1.0.2
Check: package dependencies
Result: WARN
    Requires orphaned package: ‘gplots’
Flavor: r-devel-linux-x86_64-fedora-clang