CRAN Package Check Results for Package liayson

Last updated on 2020-09-25 06:50:01 CEST.

Flavor Version Tinstall Tcheck Ttotal Status Flags
r-devel-linux-x86_64-debian-clang 1.0.3 24.26 266.37 290.63 OK
r-devel-linux-x86_64-debian-gcc 1.0.3 20.89 197.06 217.95 OK
r-devel-linux-x86_64-fedora-clang 1.0.3 363.09 OK
r-devel-linux-x86_64-fedora-gcc 1.0.3 350.51 OK
r-devel-windows-ix86+x86_64 1.0.3 61.00 308.00 369.00 OK
r-patched-linux-x86_64 1.0.3 23.80 244.07 267.87 OK
r-patched-solaris-x86 1.0.3 493.50 OK
r-release-linux-x86_64 1.0.3 26.24 243.76 270.00 OK
r-release-macos-x86_64 1.0.3 OK
r-release-windows-ix86+x86_64 1.0.3 2.00 10.00 12.00 ERROR
r-oldrel-macos-x86_64 1.0.3 OK
r-oldrel-windows-ix86+x86_64 1.0.3 52.00 278.00 330.00 OK

Check Details

Version: 1.0.3
Check: whether package can be installed
Result: ERROR
    Installation failed.
Flavor: r-release-windows-ix86+x86_64