Last updated on 2023-03-24 06:50:40 CET.
Flavor | Version | Tinstall | Tcheck | Ttotal | Status | Flags |
---|---|---|---|---|---|---|
r-devel-linux-x86_64-debian-clang | 1.0.5 | 38.63 | 360.74 | 399.37 | OK | |
r-devel-linux-x86_64-debian-gcc | 1.0.5 | 29.25 | 260.32 | 289.57 | OK | |
r-devel-linux-x86_64-fedora-clang | 1.0.5 | 508.49 | OK | |||
r-devel-linux-x86_64-fedora-gcc | 1.0.5 | 511.49 | OK | |||
r-patched-linux-x86_64 | 1.0.5 | 37.38 | 325.59 | 362.97 | OK | |
r-release-linux-x86_64 | 1.0.5 | 23.61 | 326.82 | 350.43 | OK | |
r-release-macos-arm64 | 1.0.5 | 179.00 | OK | |||
r-release-macos-x86_64 | 1.0.5 | 222.00 | OK | |||
r-release-windows-x86_64 | 1.0.5 | 46.00 | 372.00 | 418.00 | OK | |
r-oldrel-macos-arm64 | 1.0.5 | 187.00 | OK | |||
r-oldrel-macos-x86_64 | 1.0.5 | 205.00 | OK | |||
r-oldrel-windows-ix86+x86_64 | 1.0.5 | 75.00 | 384.00 | 459.00 | NOTE |
Version: 1.0.5
Check: R code for possible problems
Result: NOTE
Initiating curl with CURL_SSL_BACKEND: openssl
Flavor: r-oldrel-windows-ix86+x86_64