Last updated on 2023-02-08 12:57:13 CET.
Flavor | Version | Tinstall | Tcheck | Ttotal | Status | Flags |
---|---|---|---|---|---|---|
r-devel-linux-x86_64-debian-clang | 1.1.6 | 189.53 | 86.24 | 275.77 | NOTE | |
r-devel-linux-x86_64-debian-gcc | 1.1.6 | 129.90 | 65.06 | 194.96 | NOTE | |
r-devel-linux-x86_64-fedora-clang | 1.1.6 | 406.20 | NOTE | |||
r-devel-linux-x86_64-fedora-gcc | 1.1.6 | 363.33 | NOTE | |||
r-devel-windows-x86_64 | 1.1.6 | 150.00 | 148.00 | 298.00 | NOTE | |
r-patched-linux-x86_64 | 1.1.6 | 137.16 | 79.65 | 216.81 | OK | |
r-release-linux-x86_64 | 1.1.6 | 143.77 | 77.90 | 221.67 | OK | |
r-release-macos-arm64 | 1.1.6 | 109.00 | OK | |||
r-release-macos-x86_64 | 1.1.6 | 157.00 | OK | |||
r-release-windows-x86_64 | 1.1.6 | 146.00 | 157.00 | 303.00 | OK | |
r-oldrel-macos-arm64 | 1.1.6 | 106.00 | OK | |||
r-oldrel-macos-x86_64 | 1.1.6 | 165.00 | OK | |||
r-oldrel-windows-ix86+x86_64 | 1.1.6 | 424.00 | 169.00 | 593.00 | OK |
Version: 1.1.6
Check: C++ specification
Result: NOTE
Specified C++11: please update to current default of C++17
Flavors: r-devel-linux-x86_64-debian-clang, r-devel-windows-x86_64
Version: 1.1.6
Check: C++ specification
Result: NOTE
Specified C++11: please drop specification unless essential
Flavors: r-devel-linux-x86_64-debian-gcc, r-devel-linux-x86_64-fedora-clang, r-devel-linux-x86_64-fedora-gcc