Last updated on 2024-03-29 06:56:30 CET.
Flavor | Version | Tinstall | Tcheck | Ttotal | Status | Flags |
---|---|---|---|---|---|---|
r-devel-linux-x86_64-debian-clang | 1.2.4 | 636.64 | 284.73 | 921.37 | NOTE | |
r-devel-linux-x86_64-debian-gcc | 1.2.4 | 603.09 | 254.78 | 857.87 | NOTE | |
r-devel-linux-x86_64-fedora-clang | 1.2.4 | 1126.80 | NOTE | |||
r-devel-linux-x86_64-fedora-gcc | 1.2.4 | 1506.11 | NOTE | |||
r-devel-windows-x86_64 | 1.2.4 | 492.00 | 266.00 | 758.00 | NOTE | |
r-patched-linux-x86_64 | 1.2.4 | 0.01 | 3.24 | 3.25 | ERROR | |
r-release-linux-x86_64 | 1.2.4 | 516.12 | 340.92 | 857.04 | NOTE | |
r-release-macos-arm64 | 1.2.4 | 350.00 | NOTE | |||
r-release-macos-x86_64 | 1.2.4 | 628.00 | NOTE | |||
r-release-windows-x86_64 | 1.2.4 | 654.00 | 331.00 | 985.00 | NOTE | |
r-oldrel-macos-arm64 | 1.2.4 | 315.00 | NOTE | |||
r-oldrel-windows-x86_64 | 1.2.4 | 647.00 | 311.00 | 958.00 | NOTE |
Version: 1.2.4
Check: Rd files
Result: NOTE
checkRd: (-1) prior_to_num.Rd:13: Lost braces; missing escapes or markup?
13 | {'uniform', 'normal', 'student-t', 'gamma', 'inv-gamma', 'log-normal'}
| ^
Flavors: r-devel-linux-x86_64-debian-clang, r-devel-linux-x86_64-debian-gcc, r-devel-linux-x86_64-fedora-clang, r-devel-linux-x86_64-fedora-gcc, r-devel-windows-x86_64
Version: 1.2.4
Check: for GNU extensions in Makefiles
Result: NOTE
GNU make is a SystemRequirements.
Flavors: r-devel-linux-x86_64-debian-clang, r-devel-linux-x86_64-debian-gcc, r-devel-linux-x86_64-fedora-clang, r-devel-linux-x86_64-fedora-gcc, r-devel-windows-x86_64, r-release-linux-x86_64, r-release-macos-arm64, r-release-macos-x86_64, r-release-windows-x86_64, r-oldrel-macos-arm64, r-oldrel-windows-x86_64
Version: 1.2.4
Check: installed package size
Result: NOTE
installed size is 7.1Mb
sub-directories of 1Mb or more:
libs 5.8Mb
Flavors: r-devel-linux-x86_64-fedora-clang, r-devel-windows-x86_64, r-release-macos-arm64, r-release-macos-x86_64, r-release-windows-x86_64, r-oldrel-macos-arm64, r-oldrel-windows-x86_64
Version: 1.2.4
Check: whether package can be installed
Result: ERROR
Installation failed.
Flavor: r-patched-linux-x86_64