CRAN Package Check Results for Package lfstat

Last updated on 2024-04-14 05:59:46 CEST.

Flavor Version Tinstall Tcheck Ttotal Status Flags
r-devel-linux-x86_64-debian-clang 0.9.12 11.29 133.37 144.66 NOTE
r-devel-linux-x86_64-debian-gcc 0.9.12 8.22 95.99 104.21 NOTE
r-devel-linux-x86_64-fedora-clang 0.9.12 169.67 NOTE
r-devel-linux-x86_64-fedora-gcc 0.9.12 171.16 NOTE
r-devel-windows-x86_64 0.9.12 11.00 132.00 143.00 NOTE
r-patched-linux-x86_64 0.9.12 16.10 123.50 139.60 NOTE
r-release-linux-x86_64 0.9.12 9.49 128.57 138.06 OK
r-release-macos-arm64 0.9.12 56.00 OK
r-release-macos-x86_64 0.9.12 87.00 OK
r-release-windows-x86_64 0.9.12 14.00 152.00 166.00 OK
r-oldrel-macos-arm64 0.9.12 51.00 OK
r-oldrel-windows-x86_64 0.9.12 14.00 149.00 163.00 OK

Check Details

Version: 0.9.12
Check: Rd files
Result: NOTE checkRd: (-1) flowunit.Rd:30: Lost braces; missing escapes or markup? 30 | Usually flow units are of dimension $L^3 T^{-1}$. Currently a length $l$ can be on of \code{c("metre", "cm", "centimetre" "litre")}, whereas time $T$ can be one in \code{c("days", "hours", "mins", "secs")}, possibly abbreviated. The numerator of the fraction (everything before the literal \code{"/"}) is interpreted as the length (superscripts like \code{"^3"} are discarded), the denominator as time. E.g. valid units would be \code{"cm^3/s"}, \code{"m^3/day"} or \code{"litre/sec"}. | ^ checkRd: (-1) seasindex.Rd:30: Lost braces 30 | Laaha, G. and Bl{\"o}schl, G. (2006), Seasonality indices for regionalizing | ^ checkRd: (-1) seasindex.Rd:34: Lost braces 34 | Mitteilungen, Inst. f{\"u}r Wasserbau u. Ingenieurhydrologie, | ^ checkRd: (-1) seasratio.Rd:31: Lost braces 31 | Laaha, G. and Bl{\"o}schl, G. (2006), Seasonality indices for regionalizing low flows. Hydrol. Process., 20 | ^ Flavors: r-devel-linux-x86_64-debian-clang, r-devel-linux-x86_64-debian-gcc, r-devel-linux-x86_64-fedora-clang, r-devel-linux-x86_64-fedora-gcc, r-devel-windows-x86_64, r-patched-linux-x86_64