CRAN Package Check Results for Package lfl

Last updated on 2021-11-30 12:53:36 CET.

Flavor Version Tinstall Tcheck Ttotal Status Flags
r-devel-linux-x86_64-debian-clang 2.1.2 69.45 124.90 194.35 OK
r-devel-linux-x86_64-debian-gcc 2.1.2 52.09 92.46 144.55 OK
r-devel-linux-x86_64-fedora-clang 2.1.2 280.70 OK
r-devel-linux-x86_64-fedora-gcc 2.1.2 247.97 OK
r-devel-windows-x86_64-new-UL 2.1.2 107.00 200.00 307.00 NOTE
r-devel-windows-x86_64-new-TK 2.1.2 NOTE
r-devel-windows-x86_64-old 2.1.2 94.00 121.00 215.00 NOTE
r-patched-linux-x86_64 2.1.2 61.41 118.83 180.24 OK
r-patched-solaris-x86 2.1.2 278.70 OK
r-release-linux-x86_64 2.1.2 49.70 116.91 166.61 OK
r-release-macos-arm64 2.1.2 OK
r-release-macos-x86_64 2.1.2 OK
r-release-windows-ix86+x86_64 2.1.2 177.00 190.00 367.00 NOTE
r-oldrel-macos-x86_64 2.1.2 OK
r-oldrel-windows-ix86+x86_64 2.1.2 134.00 247.00 381.00 NOTE

Check Details

Version: 2.1.2
Check: package dependencies
Result: NOTE
    Package suggested but not available for checking: 'doMC'
Flavors: r-devel-windows-x86_64-new-UL, r-devel-windows-x86_64-new-TK, r-devel-windows-x86_64-old, r-release-windows-ix86+x86_64, r-oldrel-windows-ix86+x86_64

Version: 2.1.2
Check: Rd cross-references
Result: NOTE
    Package unavailable to check Rd xrefs: 'doMC'
Flavors: r-devel-windows-x86_64-new-UL, r-devel-windows-x86_64-new-TK, r-devel-windows-x86_64-old, r-release-windows-ix86+x86_64, r-oldrel-windows-ix86+x86_64