Last updated on 2025-04-30 12:49:07 CEST.
Flavor | Version | Tinstall | Tcheck | Ttotal | Status | Flags |
---|---|---|---|---|---|---|
r-devel-linux-x86_64-debian-clang | 1.1.3 | 7.25 | 58.33 | 65.58 | NOTE | |
r-devel-linux-x86_64-debian-gcc | 1.1.3 | 4.98 | 44.57 | 49.55 | NOTE | |
r-devel-linux-x86_64-fedora-clang | 1.1.3 | 100.93 | OK | |||
r-devel-linux-x86_64-fedora-gcc | 1.1.3 | 97.15 | OK | |||
r-devel-windows-x86_64 | 1.1.3 | 7.00 | 70.00 | 77.00 | OK | |
r-patched-linux-x86_64 | 1.1.3 | 5.97 | 55.59 | 61.56 | OK | |
r-release-linux-x86_64 | 1.1.3 | 6.68 | 55.54 | 62.22 | OK | |
r-release-macos-arm64 | 1.1.3 | 32.00 | OK | |||
r-release-macos-x86_64 | 1.1.3 | 58.00 | OK | |||
r-release-windows-x86_64 | 1.1.3 | 8.00 | 76.00 | 84.00 | OK | |
r-oldrel-macos-arm64 | 1.1.3 | 31.00 | OK | |||
r-oldrel-macos-x86_64 | 1.1.3 | 46.00 | OK | |||
r-oldrel-windows-x86_64 | 1.1.3 | 9.00 | 85.00 | 94.00 | OK |
Version: 1.1.3
Check: CRAN incoming feasibility
Result: NOTE
Maintainer: ‘Yuan Tang <terrytangyuan@gmail.com>’
Package CITATION file contains call(s) to old-style citEntry(). Please
use bibentry() instead.
Flavors: r-devel-linux-x86_64-debian-clang, r-devel-linux-x86_64-debian-gcc