CRAN Package Check Results for Package lexicon

Last updated on 2021-02-27 12:49:29 CET.

Flavor Version Tinstall Tcheck Ttotal Status Flags
r-devel-linux-x86_64-debian-clang 1.2.1 7.13 38.96 46.09 OK
r-devel-linux-x86_64-debian-gcc 1.2.1 5.52 30.49 36.01 OK
r-devel-linux-x86_64-fedora-clang 1.2.1 64.31 OK
r-devel-linux-x86_64-fedora-gcc 1.2.1 53.93 OK
r-devel-windows-ix86+x86_64 1.2.1 10.00 47.00 57.00 OK
r-patched-linux-x86_64 1.2.1 6.40 36.81 43.21 OK
r-patched-solaris-x86 1.2.1 83.50 OK
r-release-linux-x86_64 1.2.1 5.99 36.70 42.69 OK
r-release-macos-x86_64 1.2.1 OK
r-release-windows-ix86+x86_64 1.2.1 13.00 5.00 18.00 ERROR
r-oldrel-macos-x86_64 1.2.1 OK
r-oldrel-windows-ix86+x86_64 1.2.1 8.00 53.00 61.00 OK

Check Details

Version: 1.2.1
Check: whether package can be installed
Result: ERROR
    Installation failed.
Flavor: r-release-windows-ix86+x86_64