CRAN Package Check Results for Package lest

Last updated on 2024-06-12 21:49:51 CEST.

Flavor Version Tinstall Tcheck Ttotal Status Flags
r-devel-linux-x86_64-debian-clang 1.1.0 3.88 25.12 29.00 NOTE
r-devel-linux-x86_64-debian-gcc 1.1.0 2.92 21.10 24.02 ERROR
r-devel-linux-x86_64-fedora-clang 1.1.0 36.86 NOTE
r-devel-linux-x86_64-fedora-gcc 1.1.0 35.17 NOTE
r-devel-windows-x86_64 1.1.0 5.00 43.00 48.00 NOTE
r-patched-linux-x86_64 1.1.0 3.43 25.25 28.68 NOTE
r-release-linux-x86_64 1.1.0 3.32 24.27 27.59 NOTE
r-release-macos-arm64 1.1.0 17.00 NOTE
r-release-macos-x86_64 1.1.0 24.00 NOTE
r-release-windows-x86_64 1.1.0 6.00 45.00 51.00 NOTE
r-oldrel-macos-arm64 1.1.0 17.00 NOTE
r-oldrel-macos-x86_64 1.1.0 24.00 NOTE
r-oldrel-windows-x86_64 1.1.0 7.00 45.00 52.00 NOTE

Check Details

Version: 1.1.0
Check: LazyData
Result: NOTE 'LazyData' is specified without a 'data' directory Flavors: r-devel-linux-x86_64-debian-clang, r-devel-linux-x86_64-debian-gcc, r-devel-linux-x86_64-fedora-clang, r-devel-linux-x86_64-fedora-gcc, r-devel-windows-x86_64, r-patched-linux-x86_64, r-release-linux-x86_64, r-release-macos-arm64, r-release-macos-x86_64, r-release-windows-x86_64, r-oldrel-macos-arm64, r-oldrel-macos-x86_64, r-oldrel-windows-x86_64

Version: 1.1.0
Check: package dependencies
Result: NOTE Package suggested but not available for checking: ‘testthat’ Flavor: r-devel-linux-x86_64-debian-gcc

Version: 1.1.0
Check: tests
Result: ERROR Running ‘testthat.R’ [0s/1s] Running the tests in ‘tests/testthat.R’ failed. Complete output: > library(testthat) Error in library(testthat) : there is no package called 'testthat' Execution halted Flavor: r-devel-linux-x86_64-debian-gcc

Version: 1.1.0
Check: Rd cross-references
Result: NOTE Undeclared package ‘MESS’ in Rd xrefs Flavor: r-devel-linux-x86_64-fedora-clang