CRAN Package Check Results for Package lessR

Last updated on 2021-12-06 12:53:50 CET.

Flavor Version Tinstall Tcheck Ttotal Status Flags
r-devel-linux-x86_64-debian-clang 4.0.8 35.19 253.92 289.11 OK
r-devel-linux-x86_64-debian-gcc 4.0.8 33.20 189.11 222.31 OK
r-devel-linux-x86_64-fedora-clang 4.0.8 361.33 NOTE
r-devel-linux-x86_64-fedora-gcc 4.0.8 344.91 OK
r-devel-windows-x86_64-new-UL 4.0.8 65.00 359.00 424.00 NOTE
r-devel-windows-x86_64-new-TK 4.0.8 OK
r-devel-windows-x86_64-old 4.0.8 61.00 228.00 289.00 NOTE
r-patched-linux-x86_64 4.0.8 46.32 254.57 300.89 OK
r-release-linux-x86_64 4.0.8 34.88 262.44 297.32 OK
r-release-macos-arm64 4.0.8 NOTE
r-release-macos-x86_64 4.0.8 NOTE
r-release-windows-ix86+x86_64 4.0.8 61.00 305.00 366.00 NOTE
r-oldrel-macos-x86_64 4.0.8 NOTE
r-oldrel-windows-ix86+x86_64 4.0.8 60.00 300.00 360.00 NOTE

Check Details

Version: 4.0.8
Check: installed package size
Result: NOTE
     installed size is 8.2Mb
     sub-directories of 1Mb or more:
     R 1.2Mb
     doc 5.7Mb
Flavors: r-devel-linux-x86_64-fedora-clang, r-devel-windows-x86_64-new-UL, r-devel-windows-x86_64-old, r-release-macos-arm64, r-release-macos-x86_64, r-release-windows-ix86+x86_64, r-oldrel-macos-x86_64, r-oldrel-windows-ix86+x86_64