CRAN Package Check Results for Package leidenAlg

Last updated on 2022-11-29 05:53:22 CET.

Flavor Version Tinstall Tcheck Ttotal Status Flags
r-devel-linux-x86_64-debian-clang 1.0.5 240.23 113.27 353.50 NOTE
r-devel-linux-x86_64-debian-gcc 1.0.5 186.22 84.73 270.95 NOTE
r-devel-windows-x86_64 1.0.5 642.00 174.00 816.00 NOTE
r-patched-linux-x86_64 1.0.5 166.63 106.81 273.44 NOTE
r-release-linux-x86_64 1.0.5 150.61 107.69 258.30 NOTE
r-release-macos-arm64 1.0.5 125.00 NOTE
r-release-macos-x86_64 1.0.5 165.00 NOTE
r-release-windows-x86_64 1.0.5 673.00 171.00 844.00 NOTE
r-oldrel-macos-arm64 1.0.5 127.00 NOTE
r-oldrel-macos-x86_64 1.0.5 165.00 NOTE
r-oldrel-windows-ix86+x86_64 1.0.5 676.00 176.00 852.00 NOTE

Check Details

Version: 1.0.5
Check: for GNU extensions in Makefiles
Result: NOTE
    GNU make is a SystemRequirements.
Flavors: r-devel-linux-x86_64-debian-clang, r-devel-linux-x86_64-debian-gcc, r-devel-windows-x86_64, r-patched-linux-x86_64, r-release-linux-x86_64, r-release-macos-arm64, r-release-macos-x86_64, r-release-windows-x86_64, r-oldrel-macos-arm64, r-oldrel-macos-x86_64, r-oldrel-windows-ix86+x86_64