CRAN Package Check Results for Package leiden

Last updated on 2020-05-26 03:48:23 CEST.

Flavor Version Tinstall Tcheck Ttotal Status Flags
r-devel-linux-x86_64-debian-clang 0.3.3 13.50 136.12 149.62 OK
r-devel-linux-x86_64-debian-gcc 0.3.3 9.79 106.60 116.39 OK
r-devel-linux-x86_64-fedora-clang 0.3.3 242.07 OK
r-devel-linux-x86_64-fedora-gcc 0.3.3 238.72 OK
r-devel-windows-ix86+x86_64 0.3.3 31.00 98.00 129.00 OK
r-patched-linux-x86_64 0.3.3 12.31 135.27 147.58 OK
r-patched-solaris-x86 0.3.3 180.30 OK
r-release-linux-x86_64 0.3.3 12.57 136.07 148.64 OK
r-release-osx-x86_64 0.3.3 OK
r-release-windows-ix86+x86_64 0.3.3 21.00 142.00 163.00 NOTE
r-oldrel-osx-x86_64 0.3.3 OK
r-oldrel-windows-ix86+x86_64 0.3.3 21.00 115.00 136.00 OK

Check Details

Version: 0.3.3
Check: whether the namespace can be loaded with stated dependencies
Result: NOTE
    Warning in system2(command = python, args = paste0("\"", config_script, :
     running command '"C:/Users/CRAN/AppData/Local/r-miniconda/envs/r-reticulate/python.exe" "d:/RCompile/CRANpkg/lib/4.0/reticulate/config/config.py"' had status 2
    
    A namespace must be able to be loaded with just the base namespace
    loaded: otherwise if the namespace gets loaded by a saved object, the
    session will be unable to start.
    
    Probably some imports need to be declared in the NAMESPACE file.
Flavor: r-release-windows-ix86+x86_64