Last updated on 2024-03-29 06:56:30 CET.
Flavor | Version | Tinstall | Tcheck | Ttotal | Status | Flags |
---|---|---|---|---|---|---|
r-devel-linux-x86_64-debian-clang | 0.1.2 | 61.67 | 142.29 | 203.96 | OK | |
r-devel-linux-x86_64-debian-gcc | 0.1.2 | 48.86 | 100.29 | 149.15 | OK | |
r-devel-linux-x86_64-fedora-clang | 0.1.2 | 259.22 | OK | |||
r-devel-linux-x86_64-fedora-gcc | 0.1.2 | 269.66 | OK | |||
r-devel-windows-x86_64 | 0.1.2 | 51.00 | 124.00 | 175.00 | NOTE | |
r-patched-linux-x86_64 | 0.1.2 | 45.13 | 131.35 | 176.48 | OK | |
r-release-linux-x86_64 | 0.1.2 | 43.08 | 130.00 | 173.08 | OK | |
r-release-macos-arm64 | 0.1.2 | 74.00 | OK | |||
r-release-macos-x86_64 | 0.1.2 | 118.00 | OK | |||
r-release-windows-x86_64 | 0.1.2 | 64.00 | 155.00 | 219.00 | NOTE | |
r-oldrel-macos-arm64 | 0.1.2 | 52.00 | OK | |||
r-oldrel-windows-x86_64 | 0.1.2 | 65.00 | 157.00 | 222.00 | NOTE |
Version: 0.1.2
Check: package dependencies
Result: NOTE
Package suggested but not available for checking: 'doMC'
Flavors: r-devel-windows-x86_64, r-release-windows-x86_64, r-oldrel-windows-x86_64