Last updated on 2024-04-24 21:54:49 CEST.
Flavor | Version | Tinstall | Tcheck | Ttotal | Status | Flags |
---|---|---|---|---|---|---|
r-devel-linux-x86_64-debian-clang | 1.3 | 2.17 | 2.17 | ERROR | ||
r-devel-linux-x86_64-debian-gcc | 1.3 | 23.96 | 192.49 | 216.45 | NOTE | |
r-devel-linux-x86_64-fedora-clang | 1.3 | 375.19 | NOTE | |||
r-devel-linux-x86_64-fedora-gcc | 1.3 | 346.66 | NOTE | |||
r-devel-windows-x86_64 | 1.3 | 28.00 | 184.00 | 212.00 | NOTE | |
r-patched-linux-x86_64 | 1.3 | 20.02 | 251.00 | 271.02 | NOTE | |
r-release-linux-x86_64 | 1.3 | 20.24 | 263.05 | 283.29 | OK | |
r-release-macos-arm64 | 1.3 | 105.00 | OK | |||
r-release-macos-x86_64 | 1.3 | 267.00 | OK | |||
r-release-windows-x86_64 | 1.3 | 26.00 | 185.00 | 211.00 | NOTE | |
r-oldrel-macos-arm64 | 1.3 | 98.00 | OK | |||
r-oldrel-macos-x86_64 | 1.3 | 100.00 | OK | |||
r-oldrel-windows-x86_64 | 1.3 | 25.00 | 233.00 | 258.00 | OK |
Version: 1.3
Check: package dependencies
Result: ERROR
Package required but not available: ‘sva’
See section ‘The DESCRIPTION file’ in the ‘Writing R Extensions’
manual.
Flavor: r-devel-linux-x86_64-debian-clang
Version: 1.3
Check: Rd files
Result: NOTE
checkRd: (-1) IPODFUN.Rd:18: Lost braces; missing escapes or markup?
18 | \item{H}{an N by N projection matrix X(X'X)^{-1}X' }
| ^
Flavors: r-devel-linux-x86_64-debian-gcc, r-devel-linux-x86_64-fedora-clang, r-devel-linux-x86_64-fedora-gcc, r-devel-windows-x86_64, r-patched-linux-x86_64, r-release-windows-x86_64