CRAN Package Check Results for Package leaflet.esri

Last updated on 2022-10-01 05:51:25 CEST.

Flavor Version Tinstall Tcheck Ttotal Status Flags
r-devel-linux-x86_64-debian-clang 1.0.0 3.62 32.14 35.76 NOTE
r-devel-linux-x86_64-debian-gcc 1.0.0 2.98 25.08 28.06 NOTE
r-devel-linux-x86_64-fedora-clang 1.0.0 55.88 NOTE
r-devel-linux-x86_64-fedora-gcc 1.0.0 52.69 NOTE
r-devel-windows-x86_64 1.0.0 114.00 64.00 178.00 NOTE
r-patched-linux-x86_64 1.0.0 8.50 31.07 39.57 NOTE
r-release-linux-x86_64 1.0.0 3.91 30.78 34.69 NOTE
r-release-macos-arm64 1.0.0 16.00 NOTE
r-release-macos-x86_64 1.0.0 34.00 NOTE
r-release-windows-x86_64 1.0.0 158.00 64.00 222.00 NOTE
r-oldrel-macos-arm64 1.0.0 25.00 NOTE
r-oldrel-macos-x86_64 1.0.0 29.00 NOTE
r-oldrel-windows-ix86+x86_64 1.0.0 11.00 57.00 68.00 NOTE

Check Details

Version: 1.0.0
Check: LazyData
Result: NOTE
     'LazyData' is specified without a 'data' directory
Flavors: r-devel-linux-x86_64-debian-clang, r-devel-linux-x86_64-debian-gcc, r-devel-linux-x86_64-fedora-clang, r-devel-linux-x86_64-fedora-gcc, r-devel-windows-x86_64, r-patched-linux-x86_64, r-release-linux-x86_64, r-release-macos-arm64, r-release-macos-x86_64, r-release-windows-x86_64, r-oldrel-macos-arm64, r-oldrel-macos-x86_64, r-oldrel-windows-ix86+x86_64