Last updated on 2025-02-01 12:48:29 CET.
Flavor | Version | Tinstall | Tcheck | Ttotal | Status | Flags |
---|---|---|---|---|---|---|
r-devel-linux-x86_64-debian-clang | 0.1.0 | 5.29 | 111.30 | 116.59 | NOTE | |
r-devel-linux-x86_64-debian-gcc | 0.1.0 | 3.62 | 73.14 | 76.76 | NOTE | |
r-devel-linux-x86_64-fedora-clang | 0.1.0 | 191.07 | OK | |||
r-devel-linux-x86_64-fedora-gcc | 0.1.0 | 196.37 | OK | |||
r-devel-windows-x86_64 | 0.1.0 | 5.00 | 134.00 | 139.00 | NOTE | |
r-patched-linux-x86_64 | 0.1.0 | 6.88 | 105.23 | 112.11 | OK | |
r-release-linux-x86_64 | 0.1.0 | 4.68 | 102.99 | 107.67 | OK | |
r-release-macos-arm64 | 0.1.0 | 55.00 | OK | |||
r-release-macos-x86_64 | 0.1.0 | 100.00 | OK | |||
r-release-windows-x86_64 | 0.1.0 | 6.00 | 136.00 | 142.00 | OK | |
r-oldrel-macos-arm64 | 0.1.0 | 61.00 | OK | |||
r-oldrel-macos-x86_64 | 0.1.0 | 102.00 | OK | |||
r-oldrel-windows-x86_64 | 0.1.0 | 8.00 | 140.00 | 148.00 | OK |
Version: 0.1.0
Check: Rd cross-references
Result: NOTE
Found the following Rd file(s) with Rd \link{} targets missing package
anchors:
layer.Rd: R6Class
leabRa.Rd: R6Class
network.Rd: R6Class
unit.Rd: R6Class
Please provide package anchors for all Rd \link{} targets not in the
package itself and the base packages.
Flavors: r-devel-linux-x86_64-debian-clang, r-devel-linux-x86_64-debian-gcc, r-devel-windows-x86_64