CRAN Package Check Results for Package ldt

Last updated on 2023-12-05 12:50:11 CET.

Flavor Version Tinstall Tcheck Ttotal Status Flags
r-devel-linux-x86_64-debian-clang 0.5.0 538.63 94.73 633.36 OK
r-devel-linux-x86_64-debian-gcc 0.5.0 378.09 68.50 446.59 OK
r-devel-linux-x86_64-fedora-clang 0.5.0 957.20 OK
r-devel-linux-x86_64-fedora-gcc 0.5.0 949.01 OK
r-devel-windows-x86_64 0.5.0 409.00 144.00 553.00 OK
r-patched-linux-x86_64 0.5.0 433.66 87.48 521.14 OK
r-release-linux-x86_64 0.5.0 445.59 87.44 533.03 OK
r-release-macos-arm64 0.5.0 174.00 NOTE
r-release-macos-x86_64 0.5.0 187.00 NOTE
r-release-windows-x86_64 0.5.0 538.00 169.00 707.00 OK
r-oldrel-macos-arm64 0.5.0 161.00 NOTE
r-oldrel-macos-x86_64 0.4.2 290.00 ERROR
r-oldrel-windows-x86_64 0.5.0 508.00 150.00 658.00 OK

Check Details

Version: 0.5.0
Check: installed package size
Result: NOTE installed size is 26.1Mb sub-directories of 1Mb or more: libs 24.8Mb Flavors: r-release-macos-arm64, r-release-macos-x86_64, r-oldrel-macos-arm64

Version: 0.4.2
Check: installed package size
Result: NOTE installed size is 24.5Mb sub-directories of 1Mb or more: libs 24.0Mb Flavor: r-oldrel-macos-x86_64

Version: 0.4.2
Check: PDF version of manual
Result: WARN LaTeX errors when creating PDF version. This typically indicates Rd problems. LaTeX errors found: ! Undefined control sequence. <argument> Y = X B + V, \quad \operatorname {vec}B = R\gamma , l.591 }{} ! Undefined control sequence. <argument> ...\hat {V}-1 \otimes x']\operatorname {vec}Y, \quad \tilde {\Sig... l.601 }{} ! Undefined control sequence. <argument> \operatorname {var}y^f = \tilde {V} + (x' \otimes I_m)R W^{-1}R'... l.606 }{} ! LaTeX Error: Environment aligned undefined. See the LaTeX manual or LaTeX Companion for explanation. Type H <return> for immediate help. ... ! Misplaced alignment tab character &. <argument> \begin {aligned} & \text {MAE} = \frac {1}{n}\sum _{i=1}^{n}|e_i|... l.1646 }{} ! Undefined control sequence. <argument> \begin {aligned} &\text {MAE} = \frac {1}{n}\sum _{i=1}^{n}|e_i|... l.1646 }{} ! Misplaced alignment tab character &. <argument> ... \frac {1}{n}\sum _{i=1}^{n}|e_i|, & &\text {MAPE} = \frac {1}{... l.1646 }{} ! Misplaced alignment tab character &. <argument> ...\frac {1}{n}\sum _{i=1}^{n}|e_i|, && \text {MAPE} = \frac {1}{n... l.1646 }{} ! Undefined control sequence. <argument> ...{1}{n}\sum _{i=1}^{n}|e_i|, &&\text {MAPE} = \frac {1}{n}\sum ... l.1646 }{} ! Misplaced alignment tab character &. <recently read> & l.1646 }{} ! Undefined control sequence. <argument> ...i}{y_i}\right |\times 100 \\ &\text {RMSE} = \sqrt {\frac {1}{... l.1646 }{} ! Misplaced alignment tab character &. <argument> ...sum _{i=1}^{n}(e_i)^2},\quad \quad & &\text {RMSPE} = \sqrt {\f... l.1646 }{} ! Misplaced alignment tab character &. <argument> ...um _{i=1}^{n}(e_i)^2},\quad \quad && \text {RMSPE} = \sqrt {\fr... l.1646 }{} ! Undefined control sequence. <argument> ...=1}^{n}(e_i)^2},\quad \quad &&\text {RMSPE} = \sqrt {\frac {1}... l.1646 }{} ! LaTeX Error: \begin{list} on input line 1635 ended by \end{aligned}. See the LaTeX manual or LaTeX Companion for explanation. Type H <return> for immediate help. ... ! Undefined control sequence. <argument> \text {Brier} = \frac {\sum (y_i-\hat {p}_i)^2}{n}, l.1657 }{} ! Undefined control sequence. <recently read> \operatorname l.1669 ...ce \eqn{\operatorname{var}(\hat{y}_i)}{} , this metric can be expre... ! Undefined control sequence. <argument> \text {CRPS}=\sum _{i=1}^{n} \sigma \left (\frac {1}{\sqrt {\pi ... l.1673 }{} ! Undefined control sequence. <argument> ..._i-\hat {y}_i)/\sqrt {\operatorname {var}(\hat {y}_i)} l.1675 .../\sqrt{\operatorname{var}(\hat{y}_i)}}{} , and \eqn{\Phi}{} and \eq... Flavor: r-oldrel-macos-x86_64

Version: 0.4.2
Check: PDF version of manual without index
Result: ERROR
Flavor: r-oldrel-macos-x86_64