CRAN Package Check Results for Package ldat

Last updated on 2022-05-20 03:55:50 CEST.

Flavor Version Tinstall Tcheck Ttotal Status Flags
r-devel-linux-x86_64-debian-clang 0.3.3 40.68 48.82 89.50 NOTE
r-devel-linux-x86_64-debian-gcc 0.3.3 34.72 37.48 72.20 NOTE
r-devel-linux-x86_64-fedora-clang 0.3.3 142.57 NOTE
r-devel-linux-x86_64-fedora-gcc 0.3.3 123.59 NOTE
r-devel-windows-x86_64 0.3.3 63.00 103.00 166.00 NOTE
r-patched-linux-x86_64 0.3.3 39.23 46.17 85.40 NOTE
r-release-linux-x86_64 0.3.3 40.40 46.15 86.55 NOTE
r-release-macos-arm64 0.3.3 37.00 NOTE
r-release-macos-x86_64 0.3.3 48.00 NOTE
r-release-windows-x86_64 0.3.3 62.00 102.00 164.00 NOTE
r-oldrel-macos-arm64 0.3.3 46.00 NOTE
r-oldrel-macos-x86_64 0.3.3 72.00 NOTE
r-oldrel-windows-ix86+x86_64 0.3.3 136.00 93.00 229.00 NOTE

Check Details

Version: 0.3.3
Check: LazyData
Result: NOTE
     'LazyData' is specified without a 'data' directory
Flavors: r-devel-linux-x86_64-debian-clang, r-devel-linux-x86_64-debian-gcc, r-devel-linux-x86_64-fedora-clang, r-devel-linux-x86_64-fedora-gcc, r-devel-windows-x86_64, r-patched-linux-x86_64, r-release-linux-x86_64, r-release-macos-arm64, r-release-macos-x86_64, r-release-windows-x86_64, r-oldrel-macos-arm64, r-oldrel-macos-x86_64, r-oldrel-windows-ix86+x86_64