CRAN Package Check Results for Package lcsm

Last updated on 2020-09-23 07:02:44 CEST.

Flavor Version Tinstall Tcheck Ttotal Status Flags
r-devel-linux-x86_64-debian-clang 0.1.2 5.10 94.59 99.69 OK
r-devel-linux-x86_64-debian-gcc 0.1.2 3.88 70.86 74.74 OK
r-devel-linux-x86_64-fedora-clang 0.1.2 124.99 NOTE
r-devel-linux-x86_64-fedora-gcc 0.1.2 116.03 NOTE
r-devel-windows-ix86+x86_64 0.1.2 13.00 126.00 139.00 OK
r-patched-linux-x86_64 0.1.2 3.41 89.72 93.13 OK
r-patched-solaris-x86 0.1.2 154.40 NOTE
r-release-linux-x86_64 0.1.2 4.94 90.17 95.11 OK
r-release-macos-x86_64 0.1.2 NOTE
r-release-windows-ix86+x86_64 0.1.2 13.00 139.00 152.00 OK
r-oldrel-macos-x86_64 0.1.2 NOTE
r-oldrel-windows-ix86+x86_64 0.1.2 6.00 119.00 125.00 OK

Check Details

Version: 0.1.2
Check: dependencies in R code
Result: NOTE
    Namespaces in Imports field not imported from:
     ‘data.table’ ‘utf8’
     All declared Imports should be used.
Flavors: r-devel-linux-x86_64-fedora-clang, r-devel-linux-x86_64-fedora-gcc, r-patched-solaris-x86, r-release-macos-x86_64, r-oldrel-macos-x86_64