Last updated on 2023-09-26 12:07:30 CEST.
Flavor | Version | Tinstall | Tcheck | Ttotal | Status | Flags |
---|---|---|---|---|---|---|
r-devel-linux-x86_64-debian-clang | 0.1.1 | 8.76 | 76.70 | 85.46 | NOTE | |
r-devel-linux-x86_64-debian-gcc | 0.1.1 | 7.45 | 58.71 | 66.16 | NOTE | |
r-devel-linux-x86_64-fedora-clang | 0.1.1 | 104.28 | NOTE | |||
r-devel-linux-x86_64-fedora-gcc | 0.1.1 | 104.85 | NOTE | |||
r-devel-windows-x86_64 | 0.1.1 | 10.00 | 78.00 | 88.00 | NOTE | |
r-patched-linux-x86_64 | 0.1.1 | 9.19 | 76.32 | 85.51 | NOTE | |
r-release-linux-x86_64 | 0.1.1 | 8.25 | 74.52 | 82.77 | NOTE | |
r-release-macos-arm64 | 0.1.1 | 37.00 | NOTE | |||
r-release-macos-x86_64 | 0.1.1 | 54.00 | NOTE | |||
r-release-windows-x86_64 | 0.1.1 | 9.00 | 85.00 | 94.00 | NOTE | |
r-oldrel-macos-arm64 | 0.1.1 | 35.00 | NOTE | |||
r-oldrel-macos-x86_64 | 0.1.1 | 44.00 | NOTE | |||
r-oldrel-windows-x86_64 | 0.1.1 | 10.00 | 90.00 | 100.00 | NOTE |
Version: 0.1.1
Check: LazyData
Result: NOTE
'LazyData' is specified without a 'data' directory
Flavors: r-devel-linux-x86_64-debian-clang, r-devel-linux-x86_64-debian-gcc, r-devel-linux-x86_64-fedora-clang, r-devel-linux-x86_64-fedora-gcc, r-devel-windows-x86_64, r-patched-linux-x86_64, r-release-linux-x86_64, r-release-macos-arm64, r-release-macos-x86_64, r-release-windows-x86_64, r-oldrel-macos-arm64, r-oldrel-macos-x86_64, r-oldrel-windows-x86_64