CRAN Package Check Results for Package lconnect

Last updated on 2022-06-27 21:51:22 CEST.

Flavor Version Tinstall Tcheck Ttotal Status Flags
r-devel-linux-x86_64-debian-clang 0.1.1 2.65 35.14 37.79 NOTE
r-devel-linux-x86_64-debian-gcc 0.1.1 1.93 27.05 28.98 NOTE
r-devel-linux-x86_64-fedora-clang 0.1.1 54.34 NOTE
r-devel-linux-x86_64-fedora-gcc 0.1.1 54.08 NOTE
r-devel-windows-x86_64 0.1.1 17.00 59.00 76.00 NOTE
r-patched-linux-x86_64 0.1.1 2.11 33.65 35.76 NOTE
r-release-linux-x86_64 0.1.1 2.25 33.59 35.84 NOTE
r-release-macos-arm64 0.1.1 20.00 NOTE
r-release-macos-x86_64 0.1.1 27.00 NOTE
r-release-windows-x86_64 0.1.1 12.00 58.00 70.00 NOTE
r-oldrel-macos-arm64 0.1.1 23.00 NOTE
r-oldrel-macos-x86_64 0.1.1 34.00 NOTE
r-oldrel-windows-ix86+x86_64 0.1.1 6.00 57.00 63.00 NOTE

Check Details

Version: 0.1.1
Check: LazyData
Result: NOTE
     'LazyData' is specified without a 'data' directory
Flavors: r-devel-linux-x86_64-debian-clang, r-devel-linux-x86_64-debian-gcc, r-devel-linux-x86_64-fedora-clang, r-devel-linux-x86_64-fedora-gcc, r-devel-windows-x86_64, r-patched-linux-x86_64, r-release-linux-x86_64, r-release-macos-arm64, r-release-macos-x86_64, r-release-windows-x86_64, r-oldrel-macos-arm64, r-oldrel-macos-x86_64, r-oldrel-windows-ix86+x86_64