CRAN Package Check Results for Package lconnect

Last updated on 2023-06-04 20:57:43 CEST.

Flavor Version Tinstall Tcheck Ttotal Status Flags
r-devel-linux-x86_64-debian-clang 0.1.1 2.75 27.65 30.40 NOTE
r-devel-linux-x86_64-debian-gcc 0.1.1 1.95 21.96 23.91 NOTE
r-devel-linux-x86_64-fedora-clang 0.1.1 38.54 NOTE
r-devel-linux-x86_64-fedora-gcc 0.1.1 37.21 NOTE
r-devel-windows-x86_64 0.1.1 5.00 46.00 51.00 NOTE
r-patched-linux-x86_64 0.1.1 2.53 27.17 29.70 NOTE
r-release-linux-x86_64 0.1.1 2.36 26.83 29.19 NOTE
r-release-macos-arm64 0.1.1 19.00 NOTE
r-release-macos-x86_64 0.1.1 24.00 NOTE
r-release-windows-x86_64 0.1.1 4.00 45.00 49.00 NOTE
r-oldrel-macos-arm64 0.1.1 20.00 NOTE
r-oldrel-macos-x86_64 0.1.1 27.00 NOTE
r-oldrel-windows-x86_64 0.1.1 5.00 49.00 54.00 NOTE

Check Details

Version: 0.1.1
Check: LazyData
Result: NOTE
     'LazyData' is specified without a 'data' directory
Flavors: r-devel-linux-x86_64-debian-clang, r-devel-linux-x86_64-debian-gcc, r-devel-linux-x86_64-fedora-clang, r-devel-linux-x86_64-fedora-gcc, r-devel-windows-x86_64, r-patched-linux-x86_64, r-release-linux-x86_64, r-release-macos-arm64, r-release-macos-x86_64, r-release-windows-x86_64, r-oldrel-macos-arm64, r-oldrel-macos-x86_64, r-oldrel-windows-x86_64