Last updated on 2023-03-22 21:58:02 CET.
Flavor | Version | Tinstall | Tcheck | Ttotal | Status | Flags |
---|---|---|---|---|---|---|
r-devel-linux-x86_64-debian-clang | 2.4.5 | 13.22 | 85.10 | 98.32 | NOTE | |
r-devel-linux-x86_64-debian-gcc | 2.4.5 | 11.45 | 62.89 | 74.34 | NOTE | |
r-devel-linux-x86_64-fedora-clang | 2.4.5 | 127.40 | NOTE | |||
r-devel-linux-x86_64-fedora-gcc | 2.4.5 | 114.22 | NOTE | |||
r-patched-linux-x86_64 | 2.4.5 | 11.19 | 79.51 | 90.70 | OK | |
r-release-linux-x86_64 | 2.4.5 | 11.54 | 80.22 | 91.76 | OK | |
r-release-macos-arm64 | 2.4.5 | 33.00 | OK | |||
r-release-macos-x86_64 | 2.4.5 | 46.00 | OK | |||
r-release-windows-x86_64 | 2.4.5 | 27.00 | 103.00 | 130.00 | OK | |
r-oldrel-macos-arm64 | 2.4.5 | 31.00 | OK | |||
r-oldrel-macos-x86_64 | 2.4.5 | 45.00 | OK | |||
r-oldrel-windows-ix86+x86_64 | 2.4.5 | 23.00 | 104.00 | 127.00 | OK |
Version: 2.4.5
Check: Rd files
Result: NOTE
checkRd: (-1) goodnessfit.Rd:105: Escaped LaTeX specials: \&
checkRd: (-1) lba.Rd:252: Escaped LaTeX specials: \&
checkRd: (-1) pregnancy.Rd:42: Escaped LaTeX specials: \&
checkRd: (-1) pregnancy.Rd:46: Escaped LaTeX specials: \&
Flavors: r-devel-linux-x86_64-debian-clang, r-devel-linux-x86_64-debian-gcc, r-devel-linux-x86_64-fedora-clang, r-devel-linux-x86_64-fedora-gcc