Last updated on 2022-05-26 12:53:42 CEST.
Flavor | Version | Tinstall | Tcheck | Ttotal | Status | Flags |
---|---|---|---|---|---|---|
r-devel-linux-x86_64-debian-clang | 0.1.0 | 8.54 | 79.07 | 87.61 | NOTE | |
r-devel-linux-x86_64-debian-gcc | 0.1.0 | 8.04 | 67.57 | 75.61 | NOTE | |
r-devel-linux-x86_64-fedora-clang | 0.1.0 | 104.84 | NOTE | |||
r-devel-linux-x86_64-fedora-gcc | 0.1.0 | 99.14 | NOTE | |||
r-devel-windows-x86_64 | 0.1.0 | 25.00 | 95.00 | 120.00 | NOTE | |
r-patched-linux-x86_64 | 0.1.0 | 12.11 | 74.13 | 86.24 | NOTE | |
r-release-linux-x86_64 | 0.1.0 | NOTE | ||||
r-release-macos-arm64 | 0.1.0 | 29.00 | NOTE | |||
r-release-macos-x86_64 | 0.1.0 | 54.00 | NOTE | |||
r-release-windows-x86_64 | 0.1.0 | 23.00 | 99.00 | 122.00 | NOTE | |
r-oldrel-macos-arm64 | 0.1.0 | 36.00 | NOTE | |||
r-oldrel-macos-x86_64 | 0.1.0 | 52.00 | NOTE | |||
r-oldrel-windows-ix86+x86_64 | 0.1.0 | 21.00 | 82.00 | 103.00 | NOTE |
Version: 0.1.0
Check: LazyData
Result: NOTE
'LazyData' is specified without a 'data' directory
Flavors: r-devel-linux-x86_64-debian-clang, r-devel-linux-x86_64-debian-gcc, r-devel-linux-x86_64-fedora-clang, r-devel-linux-x86_64-fedora-gcc, r-devel-windows-x86_64, r-patched-linux-x86_64, r-release-linux-x86_64, r-release-macos-arm64, r-release-macos-x86_64, r-release-windows-x86_64, r-oldrel-macos-arm64, r-oldrel-macos-x86_64, r-oldrel-windows-ix86+x86_64