Last updated on 2023-03-27 06:50:10 CEST.
Flavor | Version | Tinstall | Tcheck | Ttotal | Status | Flags |
---|---|---|---|---|---|---|
r-devel-linux-x86_64-debian-clang | 1.1.0 | 44.56 | 43.39 | 87.95 | NOTE | |
r-devel-linux-x86_64-debian-gcc | 1.1.0 | 33.73 | 32.97 | 66.70 | NOTE | |
r-devel-linux-x86_64-fedora-clang | 1.1.0 | 120.33 | NOTE | |||
r-devel-linux-x86_64-fedora-gcc | 1.1.0 | 120.62 | NOTE | |||
r-patched-linux-x86_64 | 1.1.0 | 39.35 | 40.87 | 80.22 | NOTE | |
r-release-linux-x86_64 | 1.1.0 | 35.89 | 41.79 | 77.68 | OK | |
r-release-macos-arm64 | 1.1.0 | 34.00 | OK | |||
r-release-macos-x86_64 | 1.1.0 | 46.00 | OK | |||
r-release-windows-x86_64 | 1.1.0 | 61.00 | 105.00 | 166.00 | OK | |
r-oldrel-macos-arm64 | 1.1.0 | 36.00 | OK | |||
r-oldrel-macos-x86_64 | 1.1.0 | 64.00 | OK | |||
r-oldrel-windows-ix86+x86_64 | 1.1.0 | 108.00 | 99.00 | 207.00 | OK |
Version: 1.1.0
Check: C++ specification
Result: NOTE
Specified C++11: please drop specification unless essential
Flavors: r-devel-linux-x86_64-debian-clang, r-devel-linux-x86_64-debian-gcc, r-devel-linux-x86_64-fedora-clang, r-devel-linux-x86_64-fedora-gcc, r-patched-linux-x86_64