CRAN Package Check Results for Package latexpdf

Last updated on 2021-04-21 21:50:01 CEST.

Flavor Version Tinstall Tcheck Ttotal Status Flags
r-devel-linux-x86_64-debian-clang 0.1.6 3.17 33.26 36.43 NOTE
r-devel-linux-x86_64-debian-gcc 0.1.6 2.13 26.05 28.18 NOTE
r-devel-linux-x86_64-fedora-clang 0.1.6 57.63 NOTE
r-devel-linux-x86_64-fedora-gcc 0.1.6 43.15 NOTE
r-devel-windows-ix86+x86_64 0.1.6 6.00 51.00 57.00 NOTE
r-devel-windows-x86_64-gcc10-UCRT 0.1.6 NOTE
r-patched-linux-x86_64 0.1.6 2.62 32.51 35.13 OK
r-patched-solaris-x86 0.1.6 62.80 OK
r-release-linux-x86_64 0.1.6 2.81 31.43 34.24 OK
r-release-macos-x86_64 0.1.6 OK
r-release-windows-ix86+x86_64 0.1.6 6.00 38.00 44.00 OK
r-oldrel-macos-x86_64 0.1.6 OK
r-oldrel-windows-ix86+x86_64 0.1.6 6.00 61.00 67.00 OK

Check Details

Version: 0.1.6
Check: LazyData
Result: NOTE
     'LazyData' is specified without a 'data' directory
Flavors: r-devel-linux-x86_64-debian-clang, r-devel-linux-x86_64-debian-gcc, r-devel-linux-x86_64-fedora-clang, r-devel-linux-x86_64-fedora-gcc, r-devel-windows-ix86+x86_64, r-devel-windows-x86_64-gcc10-UCRT