Last updated on 2025-05-20 21:50:15 CEST.
Flavor | Version | Tinstall | Tcheck | Ttotal | Status | Flags |
---|---|---|---|---|---|---|
r-devel-linux-x86_64-debian-clang | 0.4.2 | 2.83 | 33.18 | 36.01 | NOTE | |
r-devel-linux-x86_64-debian-gcc | 0.4.2 | 2.15 | 26.27 | 28.42 | NOTE | |
r-devel-linux-x86_64-fedora-clang | 0.4.2 | 58.45 | NOTE | |||
r-devel-linux-x86_64-fedora-gcc | 0.4.2 | 67.99 | NOTE | |||
r-devel-windows-x86_64 | 0.4.2 | 5.00 | 62.00 | 67.00 | NOTE | |
r-patched-linux-x86_64 | 0.4.2 | 2.77 | 31.69 | 34.46 | NOTE | |
r-release-linux-x86_64 | 0.4.2 | 2.72 | 31.93 | 34.65 | NOTE | |
r-release-macos-arm64 | 0.4.2 | 29.00 | NOTE | |||
r-release-macos-x86_64 | 0.4.2 | 55.00 | NOTE | |||
r-release-windows-x86_64 | 0.4.2 | 5.00 | 67.00 | 72.00 | NOTE | |
r-oldrel-macos-arm64 | 0.4.2 | 41.00 | OK | |||
r-oldrel-macos-x86_64 | 0.4.2 | 47.00 | OK | |||
r-oldrel-windows-x86_64 | 0.4.2 | 5.00 | 64.00 | 69.00 | OK |
Version: 0.4.2
Check: DESCRIPTION meta-information
Result: NOTE
Missing dependency on R >= 4.2.0 because package code uses the pipe
placeholder syntax added in R 4.2.0.
File(s) using such syntax:
‘main.R’ ‘operators.R’
Flavors: r-devel-linux-x86_64-debian-clang, r-devel-linux-x86_64-debian-gcc, r-devel-linux-x86_64-fedora-clang, r-devel-linux-x86_64-fedora-gcc, r-devel-windows-x86_64, r-patched-linux-x86_64, r-release-linux-x86_64, r-release-macos-arm64, r-release-macos-x86_64, r-release-windows-x86_64