CRAN Package Check Results for Package later

Last updated on 2023-01-29 20:51:30 CET.

Flavor Version Tinstall Tcheck Ttotal Status Flags
r-devel-linux-x86_64-debian-clang 1.3.0 38.84 80.48 119.32 WARN
r-devel-linux-x86_64-debian-gcc 1.3.0 32.74 58.89 91.63 WARN
r-devel-linux-x86_64-fedora-clang 1.3.0 177.52 WARN
r-devel-linux-x86_64-fedora-gcc 1.3.0 164.07 WARN
r-devel-windows-x86_64 1.3.0 68.00 158.00 226.00 NOTE
r-patched-linux-x86_64 1.3.0 32.56 69.58 102.14 OK
r-release-linux-x86_64 1.3.0 35.38 70.99 106.37 OK
r-release-macos-arm64 1.3.0 50.00 OK
r-release-macos-x86_64 1.3.0 68.00 OK
r-release-windows-x86_64 1.3.0 55.00 148.00 203.00 OK
r-oldrel-macos-arm64 1.3.0 50.00 OK
r-oldrel-macos-x86_64 1.3.0 68.00 OK
r-oldrel-windows-ix86+x86_64 1.3.0 108.00 202.00 310.00 OK

Check Details

Version: 1.3.0
Check: whether package can be installed
Result: WARN
    Found the following significant warnings:
     init.c:12:37: warning: a function declaration without a prototype is deprecated in all versions of C [-Wstrict-prototypes]
     init.c:18:40: warning: a function declaration without a prototype is deprecated in all versions of C [-Wstrict-prototypes]
     init.c:24:40: warning: a function declaration without a prototype is deprecated in all versions of C [-Wstrict-prototypes]
     init.c:27:31: warning: a function declaration without a prototype is deprecated in all versions of C [-Wstrict-prototypes]
     init.c:51:15: warning: a function declaration without a prototype is deprecated in all versions of C [-Wstrict-prototypes]
    See ‘/home/hornik/tmp/R.check/r-devel-clang/Work/PKGS/later.Rcheck/00install.out’ for details.
    * used C compiler: ‘Debian clang version 15.0.6’
    * used C++ compiler: ‘Debian clang version 15.0.6’
Flavor: r-devel-linux-x86_64-debian-clang

Version: 1.3.0
Check: whether package can be installed
Result: WARN
    Found the following significant warnings:
     init.c:12:1: warning: function declaration isn’t a prototype [-Wstrict-prototypes]
     init.c:18:1: warning: function declaration isn’t a prototype [-Wstrict-prototypes]
     init.c:24:1: warning: function declaration isn’t a prototype [-Wstrict-prototypes]
     init.c:27:1: warning: function declaration isn’t a prototype [-Wstrict-prototypes]
     init.c:51:1: warning: function declaration isn’t a prototype [-Wstrict-prototypes]
    See ‘/home/hornik/tmp/R.check/r-devel-gcc/Work/PKGS/later.Rcheck/00install.out’ for details.
    * used C compiler: ‘gcc-12 (Debian 12.2.0-14) 12.2.0’
    * used C++ compiler: ‘g++-12 (Debian 12.2.0-14) 12.2.0’
Flavor: r-devel-linux-x86_64-debian-gcc

Version: 1.3.0
Check: C++ specification
Result: NOTE
     Specified C++11: please update to current default of C++17
Flavors: r-devel-linux-x86_64-debian-gcc, r-devel-linux-x86_64-fedora-gcc, r-devel-windows-x86_64

Version: 1.3.0
Check: whether package can be installed
Result: WARN
    Found the following significant warnings:
     init.c:12:37: warning: a function declaration without a prototype is deprecated in all versions of C [-Wstrict-prototypes]
     init.c:18:40: warning: a function declaration without a prototype is deprecated in all versions of C [-Wstrict-prototypes]
     init.c:24:40: warning: a function declaration without a prototype is deprecated in all versions of C [-Wstrict-prototypes]
     init.c:27:31: warning: a function declaration without a prototype is deprecated in all versions of C [-Wstrict-prototypes]
     init.c:51:15: warning: a function declaration without a prototype is deprecated in all versions of C [-Wstrict-prototypes]
    See ‘/data/gannet/ripley/R/packages/tests-clang/later.Rcheck/00install.out’ for details.
    * used C compiler: ‘clang version 15.0.7’
    * used C++ compiler: ‘clang version 15.0.7’
Flavor: r-devel-linux-x86_64-fedora-clang

Version: 1.3.0
Check: whether package can be installed
Result: WARN
    Found the following significant warnings:
     init.c:12:1: warning: function declaration isn’t a prototype [-Wstrict-prototypes]
     init.c:18:1: warning: function declaration isn’t a prototype [-Wstrict-prototypes]
     init.c:24:1: warning: function declaration isn’t a prototype [-Wstrict-prototypes]
     init.c:27:1: warning: function declaration isn’t a prototype [-Wstrict-prototypes]
     init.c:51:1: warning: function declaration isn’t a prototype [-Wstrict-prototypes]
    See ‘/data/gannet/ripley/R/packages/tests-devel/later.Rcheck/00install.out’ for details.
    * used C compiler: ‘gcc (GCC) 12.2.1 20221121 (Red Hat 12.2.1-4)’
    * used C++ compiler: ‘g++ (GCC) 12.2.1 20221121 (Red Hat 12.2.1-4)’
Flavor: r-devel-linux-x86_64-fedora-gcc