Last updated on 2025-02-08 12:49:34 CET.
Flavor | Version | Tinstall | Tcheck | Ttotal | Status | Flags |
---|---|---|---|---|---|---|
r-devel-linux-x86_64-debian-clang | 1.2.1 | 1.81 | 32.58 | 34.39 | OK | |
r-devel-linux-x86_64-debian-gcc | 1.2.1 | 1.66 | 24.83 | 26.49 | OK | |
r-devel-linux-x86_64-fedora-clang | 1.2.1 | 58.71 | OK | |||
r-devel-linux-x86_64-fedora-gcc | 1.2.1 | 67.48 | OK | |||
r-devel-windows-x86_64 | 1.2.1 | 4.00 | 55.00 | 59.00 | OK | |
r-patched-linux-x86_64 | 1.2.1 | 2.20 | 31.11 | 33.31 | OK | |
r-release-linux-x86_64 | 1.2.1 | 1.99 | 30.92 | 32.91 | OK | |
r-release-macos-arm64 | 1.2.1 | 31.00 | OK | |||
r-release-macos-x86_64 | 1.2.1 | 62.00 | OK | |||
r-release-windows-x86_64 | 1.2.1 | 4.00 | 56.00 | 60.00 | OK | |
r-oldrel-macos-arm64 | 1.2.1 | 41.00 | NOTE | |||
r-oldrel-macos-x86_64 | 1.2.1 | 60.00 | OK | |||
r-oldrel-windows-x86_64 | 1.2.1 | 4.00 | 58.00 | 62.00 | ERROR |
Version: 1.2.1
Check: re-building of vignette outputs
Result: NOTE
Error(s) in re-building vignettes:
...
--- re-building ‘using_latent2likert.Rmd’ using rmarkdown
File man/figures/courses-grouped-min.png not found in resource path
Error: processing vignette 'using_latent2likert.Rmd' failed with diagnostics:
pandoc document conversion failed with error 99
--- failed re-building ‘using_latent2likert.Rmd’
SUMMARY: processing the following file failed:
‘using_latent2likert.Rmd’
Error: Vignette re-building failed.
Execution halted
Flavor: r-oldrel-macos-arm64
Version: 1.2.1
Check: re-building of vignette outputs
Result: ERROR
Error(s) in re-building vignettes:
--- re-building 'using_latent2likert.Rmd' using rmarkdown
File man/figures/courses-grouped-min.png not found in resource path
Error: processing vignette 'using_latent2likert.Rmd' failed with diagnostics:
pandoc document conversion failed with error 99
--- failed re-building 'using_latent2likert.Rmd'
SUMMARY: processing the following file failed:
'using_latent2likert.Rmd'
Error: Vignette re-building failed.
Execution halted
Flavor: r-oldrel-windows-x86_64