CRAN Package Check Results for Package languageserversetup

Last updated on 2025-04-15 12:49:23 CEST.

Flavor Version Tinstall Tcheck Ttotal Status Flags
r-devel-linux-x86_64-debian-clang 0.1.2 1.81 19.01 20.82 OK
r-devel-linux-x86_64-debian-gcc 0.1.2 1.52 16.46 17.98 OK
r-devel-linux-x86_64-fedora-clang 0.1.2 33.55 OK
r-devel-linux-x86_64-fedora-gcc 0.1.2 31.94 OK
r-devel-windows-x86_64 0.1.2 3.00 50.00 53.00 OK
r-patched-linux-x86_64 0.1.2 1.87 18.86 20.73 OK
r-release-linux-x86_64 0.1.2 1.64 18.82 20.46 OK
r-release-macos-arm64 0.1.2 17.00 OK
r-release-macos-x86_64 0.1.2 25.00 OK
r-release-windows-x86_64 0.1.2 3.00 52.00 55.00 OK
r-oldrel-macos-arm64 0.1.2 16.00 NOTE
r-oldrel-macos-x86_64 0.1.2 22.00 NOTE
r-oldrel-windows-x86_64 0.1.2 3.00 45.00 48.00 NOTE

Check Details

Version: 0.1.2
Check: LazyData
Result: NOTE 'LazyData' is specified without a 'data' directory Flavors: r-oldrel-macos-arm64, r-oldrel-macos-x86_64, r-oldrel-windows-x86_64