Last updated on 2024-03-29 06:56:30 CET.
Flavor | Version | Tinstall | Tcheck | Ttotal | Status | Flags |
---|---|---|---|---|---|---|
r-devel-linux-x86_64-debian-clang | 1.2.4 | 3.07 | 33.86 | 36.93 | NOTE | |
r-devel-linux-x86_64-debian-gcc | 1.2.4 | 1.80 | 26.87 | 28.67 | NOTE | |
r-devel-linux-x86_64-fedora-clang | 1.2.4 | 47.57 | NOTE | |||
r-devel-linux-x86_64-fedora-gcc | 1.2.4 | 57.71 | NOTE | |||
r-devel-windows-x86_64 | 1.2.4 | 5.00 | 49.00 | 54.00 | NOTE | |
r-patched-linux-x86_64 | 1.2.4 | 2.95 | 34.25 | 37.20 | NOTE | |
r-release-linux-x86_64 | 1.2.4 | 3.12 | 32.07 | 35.19 | NOTE | |
r-release-macos-arm64 | 1.2.4 | 24.00 | NOTE | |||
r-release-macos-x86_64 | 1.2.4 | 38.00 | NOTE | |||
r-release-windows-x86_64 | 1.2.4 | 4.00 | 50.00 | 54.00 | NOTE | |
r-oldrel-macos-arm64 | 1.2.4 | 19.00 | NOTE | |||
r-oldrel-windows-x86_64 | 1.2.4 | 6.00 | 54.00 | 60.00 | NOTE |
Version: 1.2.4
Check: LazyData
Result: NOTE
'LazyData' is specified without a 'data' directory
Flavors: r-devel-linux-x86_64-debian-clang, r-devel-linux-x86_64-debian-gcc, r-devel-linux-x86_64-fedora-clang, r-devel-linux-x86_64-fedora-gcc, r-devel-windows-x86_64, r-patched-linux-x86_64, r-release-linux-x86_64, r-release-macos-arm64, r-release-macos-x86_64, r-release-windows-x86_64, r-oldrel-macos-arm64, r-oldrel-windows-x86_64