CRAN Package Check Results for Package languagelayeR

Last updated on 2023-12-02 12:48:21 CET.

Flavor Version Tinstall Tcheck Ttotal Status Flags
r-devel-linux-x86_64-debian-clang 1.2.4 2.66 32.31 34.97 NOTE
r-devel-linux-x86_64-debian-gcc 1.2.4 2.25 25.45 27.70 NOTE
r-devel-linux-x86_64-fedora-clang 1.2.4 44.39 NOTE
r-devel-linux-x86_64-fedora-gcc 1.2.4 53.00 NOTE
r-devel-windows-x86_64 1.2.4 4.00 49.00 53.00 NOTE
r-patched-linux-x86_64 1.2.4 3.09 32.19 35.28 NOTE
r-release-linux-x86_64 1.2.4 2.63 31.42 34.05 NOTE
r-release-macos-arm64 1.2.4 24.00 NOTE
r-release-macos-x86_64 1.2.4 38.00 NOTE
r-release-windows-x86_64 1.2.4 5.00 49.00 54.00 NOTE
r-oldrel-macos-arm64 1.2.4 19.00 NOTE
r-oldrel-macos-x86_64 1.2.4 28.00 NOTE
r-oldrel-windows-x86_64 1.2.4 5.00 52.00 57.00 NOTE

Check Details

Version: 1.2.4
Check: LazyData
Result: NOTE 'LazyData' is specified without a 'data' directory Flavors: r-devel-linux-x86_64-debian-clang, r-devel-linux-x86_64-debian-gcc, r-devel-linux-x86_64-fedora-clang, r-devel-linux-x86_64-fedora-gcc, r-devel-windows-x86_64, r-patched-linux-x86_64, r-release-linux-x86_64, r-release-macos-arm64, r-release-macos-x86_64, r-release-windows-x86_64, r-oldrel-macos-arm64, r-oldrel-macos-x86_64, r-oldrel-windows-x86_64