Last updated on 2022-07-06 06:52:53 CEST.
Flavor | Version | Tinstall | Tcheck | Ttotal | Status | Flags |
---|---|---|---|---|---|---|
r-devel-linux-x86_64-debian-clang | 1.0-1 | 29.85 | 336.71 | 366.56 | OK | |
r-devel-linux-x86_64-debian-gcc | 1.0-1 | 27.34 | 249.74 | 277.08 | OK | |
r-devel-linux-x86_64-fedora-clang | 1.0-1 | 439.40 | WARN | |||
r-devel-linux-x86_64-fedora-gcc | 1.0-1 | 444.42 | WARN | |||
r-devel-windows-x86_64 | 1.0-1 | 47.00 | 326.00 | 373.00 | NOTE | |
r-patched-linux-x86_64 | 1.0-1 | 32.05 | 329.26 | 361.31 | OK | |
r-release-linux-x86_64 | 1.0-1 | 32.45 | 327.09 | 359.54 | OK | |
r-release-macos-arm64 | 1.0-1 | 90.00 | NOTE | |||
r-release-macos-x86_64 | 1.0-1 | 141.00 | NOTE | |||
r-release-windows-x86_64 | 1.0-1 | 41.00 | 323.00 | 364.00 | NOTE | |
r-oldrel-macos-arm64 | 1.0-1 | 73.00 | NOTE | |||
r-oldrel-macos-x86_64 | 1.0-1 | 97.00 | NOTE | |||
r-oldrel-windows-ix86+x86_64 | 1.0-1 | 81.00 | 326.00 | 407.00 | NOTE |
Version: 1.0-1
Check: package dependencies
Result: WARN
Requires (indirectly) orphaned package: ‘gtools’
Flavors: r-devel-linux-x86_64-fedora-clang, r-devel-linux-x86_64-fedora-gcc
Version: 1.0-1
Check: installed package size
Result: NOTE
installed size is 8.4Mb
sub-directories of 1Mb or more:
data 8.3Mb
Flavors: r-devel-linux-x86_64-fedora-clang, r-devel-windows-x86_64, r-release-macos-arm64, r-release-macos-x86_64, r-release-windows-x86_64, r-oldrel-macos-arm64, r-oldrel-macos-x86_64, r-oldrel-windows-ix86+x86_64
Version: 1.0-1
Check: Rd cross-references
Result: NOTE
Undeclared package ‘spdep’ in Rd xrefs
Flavor: r-devel-linux-x86_64-fedora-clang