CRAN Package Check Results for Package kutils

Last updated on 2024-05-24 12:58:02 CEST.

Flavor Version Tinstall Tcheck Ttotal Status Flags
r-devel-linux-x86_64-debian-clang 1.73 8.36 75.44 83.80 OK
r-devel-linux-x86_64-debian-gcc 1.73 5.75 57.30 63.05 OK
r-devel-linux-x86_64-fedora-clang 1.73 104.45 NOTE
r-devel-linux-x86_64-fedora-gcc 1.73 113.09 NOTE
r-devel-windows-x86_64 1.73 6.00 109.00 115.00 OK
r-patched-linux-x86_64 1.73 9.94 74.09 84.03 OK
r-release-linux-x86_64 1.73 6.31 63.70 70.01 OK
r-release-macos-arm64 1.73 39.00 OK
r-release-windows-x86_64 1.73 7.00 108.00 115.00 OK
r-oldrel-macos-arm64 1.73 55.00 OK
r-oldrel-macos-x86_64 1.73 130.00 OK
r-oldrel-windows-x86_64 1.73 9.00 115.00 124.00 OK

Check Details

Version: 1.73
Check: dependencies in R code
Result: NOTE Namespace in Imports field not imported from: ‘RUnit’ All declared Imports should be used. Flavors: r-devel-linux-x86_64-fedora-clang, r-devel-linux-x86_64-fedora-gcc