CRAN Package Check Results for Package kst

Last updated on 2020-08-08 12:49:06 CEST.

Flavor Version Tinstall Tcheck Ttotal Status Flags
r-devel-linux-x86_64-debian-clang 0.5-2 3.10 41.24 44.34 OK
r-devel-linux-x86_64-debian-gcc 0.5-2 2.60 32.03 34.63 OK
r-devel-linux-x86_64-fedora-clang 0.5-2 62.64 OK
r-devel-linux-x86_64-fedora-gcc 0.5-2 53.17 OK
r-devel-windows-ix86+x86_64 0.5-2 10.00 83.00 93.00 OK
r-patched-linux-x86_64 0.5-2 3.72 41.29 45.01 OK
r-patched-solaris-x86 0.5-2 73.20 OK
r-release-linux-x86_64 0.5-2 3.12 40.72 43.84 OK
r-release-macos-x86_64 0.5-2 OK
r-release-windows-ix86+x86_64 0.5-2 17.00 81.00 98.00 OK
r-oldrel-macos-x86_64 0.5-2 NOTE
r-oldrel-windows-ix86+x86_64 0.5-2 6.00 74.00 80.00 OK

Check Details

Version: 0.5-2
Check: package dependencies
Result: NOTE
    Package suggested but not available for checking: ‘Rgraphviz’
Flavor: r-oldrel-macos-x86_64

Version: 0.5-2
Check: re-building of vignette outputs
Result: NOTE
    Error(s) in re-building vignettes:
    --- re-building ‘kst.Rnw’ using Sweave
    Loading required package: proxy
    
    Attaching package: ‘proxy’
    
    The following objects are masked from ‘package:stats’:
    
     as.dist, dist
    
    The following object is masked from ‘package:base’:
    
     as.matrix
    
    Loading required package: relations
    Loading required package: sets
    Loading required namespace: Rgraphviz
    Failed with error: ‘there is no package called ‘Rgraphviz’’
    Loading required namespace: Rgraphviz
    Failed with error: ‘there is no package called ‘Rgraphviz’’
    Loading required namespace: Rgraphviz
    Failed with error: ‘there is no package called ‘Rgraphviz’’
    Loading required namespace: Rgraphviz
    Failed with error: ‘there is no package called ‘Rgraphviz’’
    Error: processing vignette 'kst.Rnw' failed with diagnostics:
    Running 'texi2dvi' on 'kst.tex' failed.
    LaTeX errors:
    !pdfTeX error: pdflatex (file ./kst-012.pdf): PDF inclusion: required page does
     not exist <0>
     ==> Fatal error occurred, no output PDF file produced!
    --- failed re-building ‘kst.Rnw’
    
    SUMMARY: processing the following file failed:
     ‘kst.Rnw’
    
    Error: Vignette re-building failed.
    Execution halted
Flavor: r-oldrel-macos-x86_64