Last updated on 2025-01-21 21:49:13 CET.
Flavor | Version | Tinstall | Tcheck | Ttotal | Status | Flags |
---|---|---|---|---|---|---|
r-devel-linux-x86_64-debian-clang | 1.2 | 2.24 | 18.11 | 20.35 | OK | |
r-devel-linux-x86_64-debian-gcc | 1.2 | 1.92 | 15.04 | 16.96 | OK | |
r-devel-linux-x86_64-fedora-clang | 1.2 | 33.86 | NOTE | |||
r-devel-linux-x86_64-fedora-gcc | 1.2 | 31.91 | NOTE | |||
r-devel-windows-x86_64 | 1.2 | 5.00 | 43.00 | 48.00 | OK | |
r-patched-linux-x86_64 | 1.2 | 2.40 | 17.62 | 20.02 | OK | |
r-release-linux-x86_64 | 1.2 | 2.19 | 17.68 | 19.87 | OK | |
r-release-macos-arm64 | 1.2 | 18.00 | OK | |||
r-release-macos-x86_64 | 1.2 | 22.00 | OK | |||
r-release-windows-x86_64 | 1.2 | 5.00 | 43.00 | 48.00 | OK | |
r-oldrel-macos-arm64 | 1.2 | 18.00 | OK | |||
r-oldrel-macos-x86_64 | 1.2 | 21.00 | OK | |||
r-oldrel-windows-x86_64 | 1.2 | 6.00 | 42.00 | 48.00 | OK |
Version: 1.2
Check: compiled code
Result: NOTE
File ‘kriging/libs/kriging.so’:
Found no calls to: ‘R_registerRoutines’, ‘R_useDynamicSymbols’
It is good practice to register native routines and to disable symbol
search.
See ‘Writing portable packages’ in the ‘Writing R Extensions’ manual.
Flavors: r-devel-linux-x86_64-fedora-clang, r-devel-linux-x86_64-fedora-gcc