Last updated on 2023-04-02 12:56:05 CEST.
Flavor | Version | Tinstall | Tcheck | Ttotal | Status | Flags |
---|---|---|---|---|---|---|
r-devel-linux-x86_64-debian-clang | 1.0.1 | 17.20 | 293.44 | 310.64 | NOTE | |
r-devel-linux-x86_64-debian-gcc | 1.0.1 | 11.97 | 224.20 | 236.17 | NOTE | |
r-devel-linux-x86_64-fedora-clang | 1.0.1 | 399.99 | NOTE | |||
r-devel-linux-x86_64-fedora-gcc | 1.0.1 | 396.69 | NOTE | |||
r-devel-windows-x86_64 | 1.0.1 | 23.00 | 319.00 | 342.00 | NOTE | |
r-patched-linux-x86_64 | 1.0.1 | 18.70 | 281.80 | 300.50 | NOTE | |
r-release-linux-x86_64 | 1.0.1 | 15.37 | 281.40 | 296.77 | NOTE | |
r-release-macos-arm64 | 1.0.1 | 119.00 | NOTE | |||
r-release-macos-x86_64 | 1.0.1 | 142.00 | NOTE | |||
r-release-windows-x86_64 | 1.0.1 | 28.00 | 316.00 | 344.00 | NOTE | |
r-oldrel-macos-arm64 | 1.0.1 | 156.00 | NOTE | |||
r-oldrel-macos-x86_64 | 1.0.1 | 154.00 | NOTE | |||
r-oldrel-windows-ix86+x86_64 | 1.0.1 | 34.00 | 301.00 | 335.00 | NOTE |
Version: 1.0.1
Check: LazyData
Result: NOTE
'LazyData' is specified without a 'data' directory
Flavors: r-devel-linux-x86_64-debian-clang, r-devel-linux-x86_64-debian-gcc, r-devel-linux-x86_64-fedora-clang, r-devel-linux-x86_64-fedora-gcc, r-devel-windows-x86_64, r-patched-linux-x86_64, r-release-linux-x86_64, r-release-macos-arm64, r-release-macos-x86_64, r-release-windows-x86_64, r-oldrel-macos-arm64, r-oldrel-macos-x86_64, r-oldrel-windows-ix86+x86_64