CRAN Package Check Results for Package konfound

Last updated on 2024-02-25 04:14:57 CET.

Flavor Version Tinstall Tcheck Ttotal Status Flags
r-devel-linux-x86_64-debian-clang 0.4.0 9.06 87.73 96.79 OK
r-devel-linux-x86_64-debian-gcc 0.4.0 6.69 65.68 72.37 OK
r-devel-linux-x86_64-fedora-clang 0.4.0 118.12 NOTE
r-devel-linux-x86_64-fedora-gcc 0.4.0 123.10 NOTE
r-devel-windows-x86_64 0.4.0 8.00 84.00 92.00 OK
r-patched-linux-x86_64 0.4.0 7.96 80.38 88.34 OK
r-release-linux-x86_64 0.4.0 6.84 85.45 92.29 OK
r-release-macos-arm64 0.4.0 43.00 OK
r-release-macos-x86_64 0.4.0 79.00 OK
r-release-windows-x86_64 0.4.0 11.00 98.00 109.00 OK
r-oldrel-macos-arm64 0.4.0 38.00 NOTE
r-oldrel-windows-x86_64 0.4.0 11.00 98.00 109.00 OK

Check Details

Version: 0.4.0
Check: dependencies in R code
Result: NOTE Namespaces in Imports field not imported from: ‘mice’ ‘tibble’ All declared Imports should be used. Flavors: r-devel-linux-x86_64-fedora-clang, r-devel-linux-x86_64-fedora-gcc, r-oldrel-macos-arm64