CRAN Package Check Results for Package kokudosuuchi

Last updated on 2020-10-22 21:48:41 CEST.

Flavor Version Tinstall Tcheck Ttotal Status Flags
r-devel-linux-x86_64-debian-clang 0.4.2 4.44 40.87 45.31 OK
r-devel-linux-x86_64-debian-gcc 0.4.2 3.67 31.68 35.35 OK
r-devel-linux-x86_64-fedora-clang 0.4.2 62.53 NOTE
r-devel-linux-x86_64-fedora-gcc 0.4.2 52.32 NOTE
r-devel-windows-ix86+x86_64 0.4.2 11.00 60.00 71.00 OK
r-patched-linux-x86_64 0.4.2 3.94 38.12 42.06 OK
r-patched-solaris-x86 0.4.2 77.50 NOTE
r-release-linux-x86_64 0.4.2 4.59 38.46 43.05 OK
r-release-macos-x86_64 0.4.2 NOTE
r-release-windows-ix86+x86_64 0.4.2 8.00 47.00 55.00 OK
r-oldrel-macos-x86_64 0.4.2 NOTE
r-oldrel-windows-ix86+x86_64 0.4.2 9.00 56.00 65.00 OK

Check Details

Version: 0.4.2
Check: data for non-ASCII characters
Result: NOTE
     Note: found 52458 marked UTF-8 strings
Flavors: r-devel-linux-x86_64-fedora-clang, r-devel-linux-x86_64-fedora-gcc, r-patched-solaris-x86, r-release-macos-x86_64, r-oldrel-macos-x86_64