Last updated on 2024-03-29 00:50:52 CET.
Flavor | Version | Tinstall | Tcheck | Ttotal | Status | Flags |
---|---|---|---|---|---|---|
r-devel-linux-x86_64-debian-clang | 0.9.0 | 1.51 | 25.95 | 27.46 | NOTE | |
r-devel-linux-x86_64-debian-gcc | 0.9.0 | 1.75 | 19.90 | 21.65 | NOTE | |
r-devel-linux-x86_64-fedora-clang | 0.9.0 | 36.00 | NOTE | |||
r-devel-linux-x86_64-fedora-gcc | 0.9.0 | 55.97 | NOTE | |||
r-devel-windows-x86_64 | 0.9.0 | 3.00 | 42.00 | 45.00 | NOTE | |
r-patched-linux-x86_64 | 0.9.0 | 1.93 | 24.50 | 26.43 | NOTE | |
r-release-linux-x86_64 | 0.9.0 | 1.43 | 23.34 | 24.77 | NOTE | |
r-release-macos-arm64 | 0.9.0 | 27.00 | NOTE | |||
r-release-macos-x86_64 | 0.9.0 | 41.00 | NOTE | |||
r-release-windows-x86_64 | 0.9.0 | 3.00 | 40.00 | 43.00 | NOTE | |
r-oldrel-macos-arm64 | 0.9.0 | 20.00 | NOTE | |||
r-oldrel-windows-x86_64 | 0.9.0 | 3.00 | 45.00 | 48.00 | NOTE |
Version: 0.9.0
Check: LazyData
Result: NOTE
'LazyData' is specified without a 'data' directory
Flavors: r-devel-linux-x86_64-debian-clang, r-devel-linux-x86_64-debian-gcc, r-devel-linux-x86_64-fedora-clang, r-devel-linux-x86_64-fedora-gcc, r-devel-windows-x86_64, r-patched-linux-x86_64, r-release-linux-x86_64, r-release-macos-arm64, r-release-macos-x86_64, r-release-windows-x86_64, r-oldrel-macos-arm64, r-oldrel-windows-x86_64