CRAN Package Check Results for Package kmer

Last updated on 2024-03-02 21:31:16 CET.

Flavor Version Tinstall Tcheck Ttotal Status Flags
r-devel-linux-x86_64-debian-clang 1.1.2 21.64 51.82 73.46 NOTE
r-devel-linux-x86_64-debian-gcc 1.1.2 16.42 38.15 54.57 NOTE
r-devel-linux-x86_64-fedora-clang 1.1.2 99.81 NOTE
r-devel-linux-x86_64-fedora-gcc 1.1.2 107.08 NOTE
r-devel-windows-x86_64 1.1.2 20.00 78.00 98.00 NOTE
r-patched-linux-x86_64 1.1.2 21.40 49.98 71.38 NOTE
r-release-linux-x86_64 1.1.2 23.63 48.44 72.07 NOTE
r-release-macos-arm64 1.1.2 35.00 NOTE
r-release-macos-x86_64 1.1.2 63.00 NOTE
r-release-windows-x86_64 1.1.2 24.00 91.00 115.00 NOTE
r-oldrel-macos-arm64 1.1.2 32.00 NOTE
r-oldrel-windows-x86_64 1.1.2 25.00 90.00 115.00 NOTE

Check Details

Version: 1.1.2
Check: C++ specification
Result: NOTE Specified C++11: please drop specification unless essential Flavors: r-devel-linux-x86_64-debian-clang, r-devel-linux-x86_64-debian-gcc, r-devel-linux-x86_64-fedora-clang, r-devel-linux-x86_64-fedora-gcc, r-devel-windows-x86_64, r-patched-linux-x86_64, r-release-linux-x86_64, r-release-macos-arm64, r-release-macos-x86_64, r-release-windows-x86_64

Version: 1.1.2
Check: LazyData
Result: NOTE 'LazyData' is specified without a 'data' directory Flavors: r-devel-linux-x86_64-debian-clang, r-devel-linux-x86_64-debian-gcc, r-devel-linux-x86_64-fedora-clang, r-devel-linux-x86_64-fedora-gcc, r-devel-windows-x86_64, r-patched-linux-x86_64, r-release-linux-x86_64, r-release-macos-arm64, r-release-macos-x86_64, r-release-windows-x86_64, r-oldrel-macos-arm64, r-oldrel-windows-x86_64