Last updated on 2025-05-20 21:50:15 CEST.
Flavor | Version | Tinstall | Tcheck | Ttotal | Status | Flags |
---|---|---|---|---|---|---|
r-devel-linux-x86_64-debian-clang | 0.4-2 | 18.62 | 66.28 | 84.90 | NOTE | |
r-devel-linux-x86_64-debian-gcc | 0.4-2 | 13.66 | 50.30 | 63.96 | NOTE | |
r-devel-linux-x86_64-fedora-clang | 0.4-2 | 132.77 | NOTE | |||
r-devel-linux-x86_64-fedora-gcc | 0.4-2 | 132.93 | NOTE | |||
r-devel-windows-x86_64 | 0.4-2 | 26.00 | 108.00 | 134.00 | NOTE | |
r-patched-linux-x86_64 | 0.4-2 | 18.63 | 62.71 | 81.34 | NOTE | |
r-release-linux-x86_64 | 0.4-2 | 18.40 | 63.08 | 81.48 | NOTE | |
r-release-macos-arm64 | 0.4-2 | 42.00 | NOTE | |||
r-release-macos-x86_64 | 0.4-2 | 83.00 | NOTE | |||
r-release-windows-x86_64 | 0.4-2 | 26.00 | 99.00 | 125.00 | NOTE | |
r-oldrel-macos-arm64 | 0.4-2 | 35.00 | NOTE | |||
r-oldrel-macos-x86_64 | 0.4-2 | 63.00 | NOTE | |||
r-oldrel-windows-x86_64 | 0.4-2 | 30.00 | 115.00 | 145.00 | NOTE |
Version: 0.4-2
Check: Rd files
Result: NOTE
checkRd: (-1) plotkmc.Rd:21: Lost braces; missing escapes or markup?
21 | list of two functions,flist=list( f1=function( x ) { x } ,f2=function( x ) { x^2 } )
| ^
checkRd: (-1) plotkmc.Rd:21: Lost braces; missing escapes or markup?
21 | list of two functions,flist=list( f1=function( x ) { x } ,f2=function( x ) { x^2 } )
| ^
Flavors: r-devel-linux-x86_64-debian-clang, r-devel-linux-x86_64-debian-gcc, r-devel-linux-x86_64-fedora-clang, r-devel-linux-x86_64-fedora-gcc, r-devel-windows-x86_64, r-patched-linux-x86_64, r-release-linux-x86_64, r-release-macos-arm64, r-release-macos-x86_64, r-release-windows-x86_64, r-oldrel-macos-arm64, r-oldrel-macos-x86_64, r-oldrel-windows-x86_64