Last updated on 2023-09-29 12:57:01 CEST.
Flavor | Version | Tinstall | Tcheck | Ttotal | Status | Flags |
---|---|---|---|---|---|---|
r-devel-linux-x86_64-debian-clang | 1.3.1 | 11.34 | 87.43 | 98.77 | OK | |
r-devel-linux-x86_64-debian-gcc | 1.3.1 | 9.18 | 66.96 | 76.14 | OK | |
r-devel-linux-x86_64-fedora-clang | 1.3.1 | 119.88 | NOTE | |||
r-devel-linux-x86_64-fedora-gcc | 1.3.1 | 119.49 | NOTE | |||
r-devel-windows-x86_64 | 1.3.1 | 10.00 | 84.00 | 94.00 | OK | |
r-patched-linux-x86_64 | 1.3.1 | 11.86 | 85.38 | 97.24 | OK | |
r-release-linux-x86_64 | 1.3.1 | 8.05 | 85.84 | 93.89 | OK | |
r-release-macos-arm64 | 1.3.1 | 35.00 | OK | |||
r-release-macos-x86_64 | 1.3.1 | 63.00 | OK | |||
r-release-windows-x86_64 | 1.3.1 | 15.00 | 94.00 | 109.00 | OK | |
r-oldrel-macos-arm64 | 1.3.1 | 35.00 | OK | |||
r-oldrel-macos-x86_64 | 1.3.1 | 47.00 | OK | |||
r-oldrel-windows-x86_64 | 1.3.1 | 13.00 | 98.00 | 111.00 | OK |
Version: 1.3.1
Check: compiled code
Result: NOTE
File ‘kknn/libs/kknn.so’:
Found no calls to: ‘R_registerRoutines’, ‘R_useDynamicSymbols’
It is good practice to register native routines and to disable symbol
search.
See ‘Writing portable packages’ in the ‘Writing R Extensions’ manual.
Flavors: r-devel-linux-x86_64-fedora-clang, r-devel-linux-x86_64-fedora-gcc