CRAN Package Check Results for Package kirby21.t1

Last updated on 2025-02-04 03:49:51 CET.

Flavor Version Tinstall Tcheck Ttotal Status Flags
r-devel-linux-x86_64-debian-clang 1.7.0 1.02 18.12 19.14 NOTE
r-devel-linux-x86_64-debian-gcc 1.7.0 1.49 14.90 16.39 NOTE
r-devel-linux-x86_64-fedora-clang 1.7.0 33.82 OK
r-devel-linux-x86_64-fedora-gcc 1.7.0 43.58 OK
r-devel-windows-x86_64 1.7.0 3.00 47.00 50.00 NOTE
r-patched-linux-x86_64 1.7.0 3.65 17.54 21.19 OK
r-release-linux-x86_64 1.7.0 1.60 17.43 19.03 OK
r-release-macos-arm64 1.7.0 20.00 OK
r-release-macos-x86_64 1.7.0 29.00 OK
r-release-windows-x86_64 1.7.0 3.00 48.00 51.00 OK
r-oldrel-macos-arm64 1.7.0 22.00 OK
r-oldrel-macos-x86_64 1.7.0 28.00 OK
r-oldrel-windows-x86_64 1.7.0 2.00 45.00 47.00 OK

Check Details

Version: 1.7.0
Check: Rd cross-references
Result: NOTE Found the following Rd file(s) with Rd \link{} targets missing package anchors: delete_t1_data.Rd: delete_kirby21_data download_t1_data.Rd: download_kirby21_data get_t1_filenames.Rd: get_image_filenames Please provide package anchors for all Rd \link{} targets not in the package itself and the base packages. Flavors: r-devel-linux-x86_64-debian-clang, r-devel-linux-x86_64-debian-gcc, r-devel-windows-x86_64