Last updated on 2025-02-22 12:50:37 CET.
Flavor | Version | Tinstall | Tcheck | Ttotal | Status | Flags |
---|---|---|---|---|---|---|
r-devel-linux-x86_64-debian-clang | 1.9.6.1 | 9.51 | 92.54 | 102.05 | NOTE | |
r-devel-linux-x86_64-debian-gcc | 1.9.6.1 | 6.23 | 66.15 | 72.38 | NOTE | |
r-devel-linux-x86_64-fedora-clang | 1.9.6.1 | 162.06 | OK | |||
r-devel-linux-x86_64-fedora-gcc | 1.9.6.1 | 183.21 | OK | |||
r-devel-macos-arm64 | 1.9.6.1 | 63.00 | OK | |||
r-devel-macos-x86_64 | 1.9.6.1 | 129.00 | OK | |||
r-devel-windows-x86_64 | 1.9.6.1 | 10.00 | 112.00 | 122.00 | NOTE | |
r-patched-linux-x86_64 | 1.9.6.1 | 9.63 | 88.11 | 97.74 | OK | |
r-release-linux-x86_64 | 1.9.6.1 | 9.35 | 89.35 | 98.70 | OK | |
r-release-macos-arm64 | 1.9.6.1 | 60.00 | OK | |||
r-release-macos-x86_64 | 1.9.6.1 | 108.00 | OK | |||
r-release-windows-x86_64 | 1.9.6.1 | 10.00 | 113.00 | 123.00 | OK | |
r-oldrel-macos-arm64 | 1.9.6.1 | 66.00 | OK | |||
r-oldrel-macos-x86_64 | 1.9.6.1 | 176.00 | OK | |||
r-oldrel-windows-x86_64 | 1.9.6.1 | 14.00 | 132.00 | 146.00 | OK |
Version: 1.9.6.1
Check: Rd cross-references
Result: NOTE
Found the following Rd file(s) with Rd \link{} targets missing package
anchors:
ibdMatrix.Rd: Matrix
Please provide package anchors for all Rd \link{} targets not in the
package itself and the base packages.
Flavors: r-devel-linux-x86_64-debian-clang, r-devel-linux-x86_64-debian-gcc, r-devel-windows-x86_64