Last updated on 2023-03-21 12:50:39 CET.
Flavor | Version | Tinstall | Tcheck | Ttotal | Status | Flags |
---|---|---|---|---|---|---|
r-devel-linux-x86_64-debian-clang | 1.0.0 | 4.61 | 42.58 | 47.19 | NOTE | |
r-devel-linux-x86_64-debian-gcc | 1.0.0 | 3.69 | 33.61 | 37.30 | NOTE | |
r-devel-linux-x86_64-fedora-clang | 1.0.0 | 63.11 | NOTE | |||
r-devel-linux-x86_64-fedora-gcc | 1.0.0 | 56.79 | NOTE | |||
r-patched-linux-x86_64 | 1.0.0 | 3.72 | 42.86 | 46.58 | NOTE | |
r-release-linux-x86_64 | 1.0.0 | 3.82 | 43.34 | 47.16 | NOTE | |
r-release-macos-arm64 | 1.0.0 | 21.00 | NOTE | |||
r-release-macos-x86_64 | 1.0.0 | 29.00 | NOTE | |||
r-release-windows-x86_64 | 1.0.0 | 9.00 | 69.00 | 78.00 | NOTE | |
r-oldrel-macos-arm64 | 1.0.0 | 22.00 | NOTE | |||
r-oldrel-macos-x86_64 | 1.0.0 | 41.00 | NOTE | |||
r-oldrel-windows-ix86+x86_64 | 1.0.0 | 11.00 | 68.00 | 79.00 | NOTE |
Version: 1.0.0
Check: LazyData
Result: NOTE
'LazyData' is specified without a 'data' directory
Flavors: r-devel-linux-x86_64-debian-clang, r-devel-linux-x86_64-debian-gcc, r-devel-linux-x86_64-fedora-clang, r-devel-linux-x86_64-fedora-gcc, r-patched-linux-x86_64, r-release-linux-x86_64, r-release-macos-arm64, r-release-macos-x86_64, r-release-windows-x86_64, r-oldrel-macos-arm64, r-oldrel-macos-x86_64, r-oldrel-windows-ix86+x86_64