Last updated on 2024-04-19 11:56:49 CEST.
Flavor | Version | Tinstall | Tcheck | Ttotal | Status | Flags |
---|---|---|---|---|---|---|
r-devel-linux-x86_64-debian-clang | 1.0.0 | 4.58 | 42.79 | 47.37 | NOTE | |
r-devel-linux-x86_64-debian-gcc | 1.0.0 | NOTE | ||||
r-devel-linux-x86_64-fedora-clang | 1.0.0 | 60.50 | NOTE | |||
r-devel-linux-x86_64-fedora-gcc | 1.0.0 | 57.18 | NOTE | |||
r-prerel-macos-arm64 | 1.0.0 | 22.00 | NOTE | |||
r-prerel-windows-x86_64 | 1.0.0 | 4.00 | 51.00 | 55.00 | NOTE | |
r-patched-linux-x86_64 | 1.0.0 | 4.23 | 42.31 | 46.54 | NOTE | |
r-release-linux-x86_64 | 1.0.0 | 3.42 | 42.07 | 45.49 | NOTE | |
r-release-macos-arm64 | 1.0.0 | 22.00 | NOTE | |||
r-release-macos-x86_64 | 1.0.0 | 32.00 | NOTE | |||
r-release-windows-x86_64 | 1.0.0 | 4.00 | 54.00 | 58.00 | NOTE | |
r-oldrel-macos-arm64 | 1.0.0 | 23.00 | NOTE | |||
r-oldrel-windows-x86_64 | 1.0.0 | 6.00 | 61.00 | 67.00 | NOTE |
Version: 1.0.0
Check: Rd files
Result: NOTE
checkRd: (-1) kfda.Rd:26: Lost braces
26 | \item{kpca.train}{An object of class "kpca". It has results of \code{kpca} function. (see{\code{\link[kernlab]{kpca}}} (in package \pkg{kernlab}))}
| ^
Flavors: r-devel-linux-x86_64-debian-clang, r-devel-linux-x86_64-debian-gcc, r-devel-linux-x86_64-fedora-clang, r-devel-linux-x86_64-fedora-gcc, r-prerel-macos-arm64, r-prerel-windows-x86_64, r-patched-linux-x86_64
Version: 1.0.0
Check: LazyData
Result: NOTE
'LazyData' is specified without a 'data' directory
Flavors: r-devel-linux-x86_64-debian-clang, r-devel-linux-x86_64-debian-gcc, r-devel-linux-x86_64-fedora-clang, r-devel-linux-x86_64-fedora-gcc, r-prerel-macos-arm64, r-prerel-windows-x86_64, r-patched-linux-x86_64, r-release-linux-x86_64, r-release-macos-arm64, r-release-macos-x86_64, r-release-windows-x86_64, r-oldrel-macos-arm64, r-oldrel-windows-x86_64