CRAN Package Check Results for Package keyATM

Last updated on 2022-01-22 06:48:56 CET.

Flavor Version Tinstall Tcheck Ttotal Status Flags
r-devel-linux-x86_64-debian-clang 0.4.0 219.84 177.60 397.44 OK
r-devel-linux-x86_64-debian-gcc 0.4.0 146.05 124.01 270.06 OK
r-devel-linux-x86_64-fedora-clang 0.4.0 570.75 NOTE
r-devel-linux-x86_64-fedora-gcc 0.4.0 507.23 OK
r-devel-windows-x86_64-new-UL 0.4.0 197.00 199.00 396.00 OK
r-devel-windows-x86_64-new-TK 0.4.0 OK
r-patched-linux-x86_64 0.4.0 191.16 168.30 359.46 OK
r-release-linux-x86_64 0.4.0 197.06 168.41 365.47 OK
r-release-macos-arm64 0.4.0 NOTE
r-release-macos-x86_64 0.4.0 NOTE
r-release-windows-ix86+x86_64 0.4.0 528.00 328.00 856.00 OK
r-oldrel-macos-x86_64 0.4.0 NOTE
r-oldrel-windows-ix86+x86_64 0.4.0 530.00 346.00 876.00 OK

Check Details

Version: 0.4.0
Check: installed package size
Result: NOTE
     installed size is 11.7Mb
     sub-directories of 1Mb or more:
     libs 11.3Mb
Flavors: r-devel-linux-x86_64-fedora-clang, r-release-macos-arm64, r-release-macos-x86_64, r-oldrel-macos-x86_64